{"id":1354,"date":"2021-03-08T10:53:14","date_gmt":"2021-03-08T10:53:14","guid":{"rendered":"http:\/\/syss.hu\/?page_id=1354"},"modified":"2021-04-12T07:45:58","modified_gmt":"2021-04-12T07:45:58","slug":"kisterseg-apaj","status":"publish","type":"page","link":"https:\/\/tourinformrackeve.hu\/de\/?page_id=1354","title":{"rendered":"Umgebung-Apaj"},"content":{"rendered":"<p>[vc_row][vc_column][vc_empty_space][\/vc_column][\/vc_row][vc_row][vc_column][vc_custom_heading text=&#8221;Umgebung&#8221; font_container=&#8221;tag:h3|text_align:left&#8221;][\/vc_column][\/vc_row][vc_row][vc_column][vc_column_text]<\/p>\n<p style=\"text-align: center;\"><a href=\"https:\/\/tourinformrackeve.hu\/de\/?page_id=1430\">Als\u00f3n\u00e9medi<\/a>\u00a0\u2013\u00a0<a href=\"https:\/\/tourinformrackeve.hu\/de\/?page_id=1354\">Apaj\u00a0<\/a>\u2013\u00a0<a href=\"https:\/\/tourinformrackeve.hu\/de\/?page_id=1370\">\u00c1porka\u00a0<\/a>\u2013\u00a0<a href=\"https:\/\/tourinformrackeve.hu\/de\/?page_id=1431\">Bugyi<\/a>\u00a0\u2013\u00a0<a href=\"https:\/\/tourinformrackeve.hu\/de\/?page_id=1374\">D\u00e9legyh\u00e1za\u00a0<\/a>\u2013\u00a0<a href=\"https:\/\/tourinformrackeve.hu\/de\/?page_id=1377\">D\u00f6ms\u00f6d\u00a0<\/a>\u2013\u00a0<a href=\"https:\/\/tourinformrackeve.hu\/de\/?page_id=1381\">Dunaharaszti\u00a0<\/a>\u2013\u00a0<a href=\"https:\/\/tourinformrackeve.hu\/de\/?page_id=1384\">Dunavars\u00e1ny\u00a0<\/a>\u2013\u00a0<a href=\"https:\/\/tourinformrackeve.hu\/de\/?page_id=1387\">Hal\u00e1sztelek<\/a><br \/>\n<a href=\"https:\/\/tourinformrackeve.hu\/de\/?page_id=1390\">Kiskunlach\u00e1za\u00a0<\/a>\u2013\u00a0<a href=\"https:\/\/tourinformrackeve.hu\/de\/?page_id=1432\">Kulcs\u00a0<\/a>\u2013\u00a0<a href=\"https:\/\/tourinformrackeve.hu\/de\/?page_id=1393\">L\u00f3r\u00e9v<\/a>\u00a0\u2013\u00a0<a href=\"https:\/\/tourinformrackeve.hu\/de\/?page_id=1397\">Majosh\u00e1za<\/a>\u00a0\u2013\u00a0<a href=\"https:\/\/tourinformrackeve.hu\/de\/?page_id=1400\">Mak\u00e1d<\/a>\u00a0\u2013\u00a0<a href=\"https:\/\/tourinformrackeve.hu\/de\/?page_id=1433\">R\u00e1calm\u00e1s<\/a>\u00a0\u2013\u00a0<a href=\"https:\/\/tourinformrackeve.hu\/de\/?page_id=1403\">R\u00e1ckeve<\/a>\u00a0\u2013\u00a0<a href=\"https:\/\/tourinformrackeve.hu\/de\/?page_id=1406\">Szigetbecse<\/a>\u00a0\u2013\u00a0<a href=\"https:\/\/tourinformrackeve.hu\/de\/?page_id=1409\">Szigetcs\u00e9p<\/a><br \/>\n<a href=\"https:\/\/tourinformrackeve.hu\/de\/?page_id=1412\">Szigethalom<\/a>\u00a0\u2013\u00a0<a href=\"https:\/\/tourinformrackeve.hu\/de\/?page_id=1415\">Szigetszentm\u00e1rton<\/a>\u00a0\u2013\u00a0<a href=\"https:\/\/tourinformrackeve.hu\/de\/?page_id=1418\">Szigetszentmikl\u00f3s<\/a>\u00a0\u2013\u00a0<a href=\"https:\/\/tourinformrackeve.hu\/de\/?page_id=1421\">Sziget\u00fajfalu<\/a>\u00a0\u2013\u00a0<a href=\"https:\/\/tourinformrackeve.hu\/de\/?page_id=1424\">Taksony<\/a>\u00a0\u2013\u00a0<a href=\"https:\/\/tourinformrackeve.hu\/de\/?page_id=1427\">T\u00f6k\u00f6l<\/a><\/p>\n<p>[\/vc_column_text][\/vc_column][\/vc_row][vc_row][vc_column][vc_empty_space height=&#8221;62px&#8221;][\/vc_column][\/vc_row][vc_row][vc_column width=&#8221;2\/3&#8243;][vc_column_text]<\/p>\n<h3><span style=\"color: #d0103a;\">Apaj<\/span><\/h3>\n<p align=\"justify\">Die Gemeinde Apaj liegt am Nationalpark Kiskuns\u00e1g, 50 km s\u00fcdlich von Budapest. Sie ist von der Landstra\u00dfe 51 aus der Richtung D\u00f6ms\u00f6d oder Kiskunlach\u00e1za zu erreichen. Der Bus von Tass nach Budapest f\u00e4hrt durch Apaj und von D\u00f6ms\u00f6d, Kiskunlach\u00e1za und Kunszentmikl\u00f3s fahren auch Buslinien nach Apaj.<\/p>\n<p><strong>Adresse der Selbstverwaltung<\/strong><br \/>\n<strong>2345 Apaj, F\u0151 t\u00e9r 2.<\/strong><br \/>\n<strong>Tel: (24) 408-112, Fax: (24) 408-173<\/strong><br \/>\n<strong>Web:\u00a0<a href=\"http:\/\/www.apaj.hu\/\" target=\"_blank\" rel=\"noopener\">www.apaj.hu<\/a><\/strong>[\/vc_column_text][\/vc_column][vc_column width=&#8221;1\/3&#8243;][vc_empty_space height=&#8221;62px&#8221;][vc_single_image image=&#8221;1357&#8243; img_size=&#8221;full&#8221; alignment=&#8221;center&#8221;][\/vc_column][\/vc_row][vc_row][vc_column][vc_column_text]<\/p>\n<p align=\"justify\">Der Name der Gemeinde stammt aus dem ungarischen Wort\u00a0<em>apa<\/em>\u00a0(Vater). Von der Steinzeit an lebten hier zahlreiche V\u00f6lker, bis zur Landnahme der Ungarn. Die Gemeinde wurde zuerst 1291 in einer Urkunde als<em>\u00a0Opoly\u00a0<\/em>erw\u00e4hnt. Apaj und ein Teil von D\u00f6ms\u00f6d waren br\u00e4utliche Landg\u00fcter der K\u00f6niginnen. Sp\u00e4ter zerfielen allm\u00e4hlich die k\u00f6niglichen Landg\u00fcter und der Besitz ging an die Familie Rozgonyi \u00fcber. Die 150 j\u00e4hrige t\u00fcrkische Herrschaft hat riesige Schaden verursacht. Nach der Vertreibung der T\u00fcrken ging das Landgut an die Familie Bosny\u00e1k r\u00fcber, nach dem Freiheitskampf von 1848\/49 wurde der s\u00e4chsische HerzogChoburg G\u00e9thai der Besitzer. Das damals gebaute Schloss, das als Wirtschaftszentrum diente, ist noch heute zu sehen. In Apaj gab es nie eine Kirche, die Gl\u00e4ubigen fuhren jeden Sonntag und an Festtagen nach D\u00f6ms\u00f6d r\u00fcber. Ein bedeutendes Ereignis im Leben der Gemeinde war, als am 05.12.1882 die Bahnlinie Budapest-Kunszentmikl\u00f3s-Kelebia er\u00f6ffnet wurde.<\/p>\n<p>\u00a0[\/vc_column_text][\/vc_column][\/vc_row]<\/p>\n","protected":false},"excerpt":{"rendered":"<p>[vc_row][vc_column][vc_empty_space][\/vc_column][\/vc_row][vc_row][vc_column][vc_custom_heading text=&#8221;Umgebung&#8221; font_container=&#8221;tag:h3|text_align:left&#8221;][\/vc_column][\/vc_row][vc_row][vc_column][vc_column_text] Als\u00f3n\u00e9medi\u00a0\u2013\u00a0Apaj\u00a0\u2013\u00a0\u00c1porka\u00a0\u2013\u00a0Bugyi\u00a0\u2013\u00a0D\u00e9legyh\u00e1za\u00a0\u2013\u00a0D\u00f6ms\u00f6d\u00a0\u2013\u00a0Dunaharaszti\u00a0\u2013\u00a0Dunavars\u00e1ny\u00a0\u2013\u00a0Hal\u00e1sztelek Kiskunlach\u00e1za\u00a0\u2013\u00a0Kulcs\u00a0\u2013\u00a0L\u00f3r\u00e9v\u00a0\u2013\u00a0Majosh\u00e1za\u00a0\u2013\u00a0Mak\u00e1d\u00a0\u2013\u00a0R\u00e1calm\u00e1s\u00a0\u2013\u00a0R\u00e1ckeve\u00a0\u2013\u00a0Szigetbecse\u00a0\u2013\u00a0Szigetcs\u00e9p Szigethalom\u00a0\u2013\u00a0Szigetszentm\u00e1rton\u00a0\u2013\u00a0Szigetszentmikl\u00f3s\u00a0\u2013\u00a0Sziget\u00fajfalu\u00a0\u2013\u00a0Taksony\u00a0\u2013\u00a0T\u00f6k\u00f6l [\/vc_column_text][\/vc_column][\/vc_row][vc_row][vc_column][vc_empty_space height=&#8221;62px&#8221;][\/vc_column][\/vc_row][vc_row][vc_column width=&#8221;2\/3&#8243;][vc_column_text] Apaj Die Gemeinde Apaj liegt am Nationalpark Kiskuns\u00e1g, 50 km s\u00fcdlich von Budapest. Sie ist von der Landstra\u00dfe 51 aus der Richtung D\u00f6ms\u00f6d oder Kiskunlach\u00e1za zu erreichen. Der Bus von Tass nach Budapest f\u00e4hrt durch Apaj und von D\u00f6ms\u00f6d, Kiskunlach\u00e1za und Kunszentmikl\u00f3s fahren auch Buslinien nach<\/p>\n<a href=\"https:\/\/tourinformrackeve.hu\/de\/?page_id=1354\" class=\"sohohotel-more-link\">Read More<i class=\"fa fa-angle-right\"><\/i><\/a>","protected":false},"author":1,"featured_media":0,"parent":0,"menu_order":0,"comment_status":"closed","ping_status":"closed","template":"","meta":[],"_links":{"self":[{"href":"https:\/\/tourinformrackeve.hu\/de\/index.php?rest_route=\/wp\/v2\/pages\/1354"}],"collection":[{"href":"https:\/\/tourinformrackeve.hu\/de\/index.php?rest_route=\/wp\/v2\/pages"}],"about":[{"href":"https:\/\/tourinformrackeve.hu\/de\/index.php?rest_route=\/wp\/v2\/types\/page"}],"author":[{"embeddable":true,"href":"https:\/\/tourinformrackeve.hu\/de\/index.php?rest_route=\/wp\/v2\/users\/1"}],"replies":[{"embeddable":true,"href":"https:\/\/tourinformrackeve.hu\/de\/index.php?rest_route=%2Fwp%2Fv2%2Fcomments&post=1354"}],"version-history":[{"count":17,"href":"https:\/\/tourinformrackeve.hu\/de\/index.php?rest_route=\/wp\/v2\/pages\/1354\/revisions"}],"predecessor-version":[{"id":1832,"href":"https:\/\/tourinformrackeve.hu\/de\/index.php?rest_route=\/wp\/v2\/pages\/1354\/revisions\/1832"}],"wp:attachment":[{"href":"https:\/\/tourinformrackeve.hu\/de\/index.php?rest_route=%2Fwp%2Fv2%2Fmedia&parent=1354"}],"curies":[{"name":"wp","href":"https:\/\/api.w.org\/{rel}","templated":true}]}}

<p>[vc_row][vc_column][vc_empty_space][/vc_column][/vc_row][vc_row][vc_column][vc_custom_heading text=&#8221;Umgebung&#8221; font_container=&#8221;tag:h3|text_align:left&#8221;][/vc_column][/vc_row][vc_row][vc_column][vc_column_text]</p>
<p style="text-align: center;"><a href="https://tourinformrackeve.hu/de/?page_id=1430">Alsónémedi</a> – <a href="https://tourinformrackeve.hu/de/?page_id=1354">Apaj </a>– <a href="https://tourinformrackeve.hu/de/?page_id=1370">Áporka </a>– <a href="https://tourinformrackeve.hu/de/?page_id=1431">Bugyi</a> – <a href="https://tourinformrackeve.hu/de/?page_id=1374">Délegyháza </a>– <a href="https://tourinformrackeve.hu/de/?page_id=1377">Dömsöd </a>– <a href="https://tourinformrackeve.hu/de/?page_id=1381">Dunaharaszti </a>– <a href="https://tourinformrackeve.hu/de/?page_id=1384">Dunavarsány </a>– <a href="https://tourinformrackeve.hu/de/?page_id=1387">Halásztelek</a><br />
<a href="https://tourinformrackeve.hu/de/?page_id=1390">Kiskunlacháza </a>– <a href="https://tourinformrackeve.hu/de/?page_id=1432">Kulcs </a>– <a href="https://tourinformrackeve.hu/de/?page_id=1393">Lórév</a> – <a href="https://tourinformrackeve.hu/de/?page_id=1397">Majosháza</a> – <a href="https://tourinformrackeve.hu/de/?page_id=1400">Makád</a> – <a href="https://tourinformrackeve.hu/de/?page_id=1433">Rácalmás</a> – <a href="https://tourinformrackeve.hu/de/?page_id=1403">Ráckeve</a> – <a href="https://tourinformrackeve.hu/de/?page_id=1406">Szigetbecse</a> – <a href="https://tourinformrackeve.hu/de/?page_id=1409">Szigetcsép</a><br />
<a href="https://tourinformrackeve.hu/de/?page_id=1412">Szigethalom</a> – <a href="https://tourinformrackeve.hu/de/?page_id=1415">Szigetszentmárton</a> – <a href="https://tourinformrackeve.hu/de/?page_id=1418">Szigetszentmiklós</a> – <a href="https://tourinformrackeve.hu/de/?page_id=1421">Szigetújfalu</a> – <a href="https://tourinformrackeve.hu/de/?page_id=1424">Taksony</a> – <a href="https://tourinformrackeve.hu/de/?page_id=1427">Tököl</a></p>
<p>[/vc_column_text][/vc_column][/vc_row][vc_row][vc_column][vc_empty_space height=&#8221;62px&#8221;][/vc_column][/vc_row][vc_row][vc_column width=&#8221;2/3&#8243;][vc_column_text]</p>
<h3><span style="color: #d0103a;">Apaj</span></h3>
<p align="justify">Die Gemeinde Apaj liegt am Nationalpark Kiskunság, 50 km südlich von Budapest. Sie ist von der Landstraße 51 aus der Richtung Dömsöd oder Kiskunlacháza zu erreichen. Der Bus von Tass nach Budapest fährt durch Apaj und von Dömsöd, Kiskunlacháza und Kunszentmiklós fahren auch Buslinien nach Apaj.</p>
<p><strong>Adresse der Selbstverwaltung</strong><br />
<strong>2345 Apaj, Fő tér 2.</strong><br />
<strong>Tel: (24) 408-112, Fax: (24) 408-173</strong><br />
<strong>Web: <a href="http://www.apaj.hu/" target="_blank" rel="noopener">www.apaj.hu</a></strong>[/vc_column_text][/vc_column][vc_column width=&#8221;1/3&#8243;][vc_empty_space height=&#8221;62px&#8221;][vc_single_image image=&#8221;1357&#8243; img_size=&#8221;full&#8221; alignment=&#8221;center&#8221;][/vc_column][/vc_row][vc_row][vc_column][vc_column_text]</p>
<p align="justify">Der Name der Gemeinde stammt aus dem ungarischen Wort <em>apa</em> (Vater). Von der Steinzeit an lebten hier zahlreiche Völker, bis zur Landnahme der Ungarn. Die Gemeinde wurde zuerst 1291 in einer Urkunde als<em> Opoly </em>erwähnt. Apaj und ein Teil von Dömsöd waren bräutliche Landgüter der Königinnen. Später zerfielen allmählich die königlichen Landgüter und der Besitz ging an die Familie Rozgonyi über. Die 150 jährige türkische Herrschaft hat riesige Schaden verursacht. Nach der Vertreibung der Türken ging das Landgut an die Familie Bosnyák rüber, nach dem Freiheitskampf von 1848/49 wurde der sächsische HerzogChoburg Géthai der Besitzer. Das damals gebaute Schloss, das als Wirtschaftszentrum diente, ist noch heute zu sehen. In Apaj gab es nie eine Kirche, die Gläubigen fuhren jeden Sonntag und an Festtagen nach Dömsöd rüber. Ein bedeutendes Ereignis im Leben der Gemeinde war, als am 05.12.1882 die Bahnlinie Budapest-Kunszentmiklós-Kelebia eröffnet wurde.</p>
<p> [/vc_column_text][/vc_column][/vc_row]</p>

<p>[vc_row][vc_column][vc_empty_space][/vc_column][/vc_row][vc_row][vc_column][vc_custom_heading text=&#8221;Umgebung&#8221; font_container=&#8221;tag:h3|text_align:left&#8221;][/vc_column][/vc_row][vc_row][vc_column][vc_column_text] Alsónémedi – Apaj – Áporka – Bugyi – Délegyháza – Dömsöd – Dunaharaszti – Dunavarsány – Halásztelek Kiskunlacháza – Kulcs – Lórév – Majosháza – Makád – Rácalmás – Ráckeve – Szigetbecse – Szigetcsép Szigethalom – Szigetszentmárton – Szigetszentmiklós – Szigetújfalu – Taksony – Tököl [/vc_column_text][/vc_column][/vc_row][vc_row][vc_column][vc_empty_space height=&#8221;62px&#8221;][/vc_column][/vc_row][vc_row][vc_column width=&#8221;2/3&#8243;][vc_column_text] Apaj Die Gemeinde Apaj liegt am Nationalpark Kiskunság, 50 km südlich von Budapest. Sie ist von der Landstraße 51 aus der Richtung Dömsöd oder Kiskunlacháza zu erreichen. Der Bus von Tass nach Budapest fährt durch Apaj und von Dömsöd, Kiskunlacháza und Kunszentmiklós fahren auch Buslinien nach</p>
<a href="https://tourinformrackeve.hu/de/?page_id=1354" class="sohohotel-more-link">Read More<i class="fa fa-angle-right"></i></a>
