{"id":1370,"date":"2021-03-08T11:26:26","date_gmt":"2021-03-08T11:26:26","guid":{"rendered":"http:\/\/syss.hu\/?page_id=1370"},"modified":"2021-04-12T07:47:32","modified_gmt":"2021-04-12T07:47:32","slug":"kisterseg-aporka","status":"publish","type":"page","link":"https:\/\/tourinformrackeve.hu\/de\/?page_id=1370","title":{"rendered":"Umgebung-\u00c1porka"},"content":{"rendered":"<p>[vc_row][vc_column][vc_empty_space][\/vc_column][\/vc_row][vc_row][vc_column][vc_custom_heading text=&#8221;Umgebung&#8221; font_container=&#8221;tag:h3|text_align:left&#8221;][\/vc_column][\/vc_row][vc_row][vc_column][vc_column_text]<\/p>\n<p style=\"text-align: center;\"><a href=\"https:\/\/tourinformrackeve.hu\/de\/?page_id=1430\">Als\u00f3n\u00e9medi<\/a>\u00a0\u2013\u00a0<a href=\"https:\/\/tourinformrackeve.hu\/de\/?page_id=1354\">Apaj\u00a0<\/a>\u2013\u00a0<a href=\"https:\/\/tourinformrackeve.hu\/de\/?page_id=1370\">\u00c1porka\u00a0<\/a>\u2013\u00a0<a href=\"https:\/\/tourinformrackeve.hu\/de\/?page_id=1431\">Bugyi<\/a>\u00a0\u2013\u00a0<a href=\"https:\/\/tourinformrackeve.hu\/de\/?page_id=1374\">D\u00e9legyh\u00e1za\u00a0<\/a>\u2013\u00a0<a href=\"https:\/\/tourinformrackeve.hu\/de\/?page_id=1377\">D\u00f6ms\u00f6d\u00a0<\/a>\u2013\u00a0<a href=\"https:\/\/tourinformrackeve.hu\/de\/?page_id=1381\">Dunaharaszti\u00a0<\/a>\u2013\u00a0<a href=\"https:\/\/tourinformrackeve.hu\/de\/?page_id=1384\">Dunavars\u00e1ny\u00a0<\/a>\u2013\u00a0<a href=\"https:\/\/tourinformrackeve.hu\/de\/?page_id=1387\">Hal\u00e1sztelek<\/a><br \/>\n<a href=\"https:\/\/tourinformrackeve.hu\/de\/?page_id=1390\">Kiskunlach\u00e1za\u00a0<\/a>\u2013\u00a0<a href=\"https:\/\/tourinformrackeve.hu\/de\/?page_id=1432\">Kulcs\u00a0<\/a>\u2013\u00a0<a href=\"https:\/\/tourinformrackeve.hu\/de\/?page_id=1393\">L\u00f3r\u00e9v<\/a>\u00a0\u2013\u00a0<a href=\"https:\/\/tourinformrackeve.hu\/de\/?page_id=1397\">Majosh\u00e1za<\/a>\u00a0\u2013\u00a0<a href=\"https:\/\/tourinformrackeve.hu\/de\/?page_id=1400\">Mak\u00e1d<\/a>\u00a0\u2013\u00a0<a href=\"https:\/\/tourinformrackeve.hu\/de\/?page_id=1433\">R\u00e1calm\u00e1s<\/a>\u00a0\u2013\u00a0<a href=\"https:\/\/tourinformrackeve.hu\/de\/?page_id=1403\">R\u00e1ckeve<\/a>\u00a0\u2013\u00a0<a href=\"https:\/\/tourinformrackeve.hu\/de\/?page_id=1406\">Szigetbecse<\/a>\u00a0\u2013\u00a0<a href=\"https:\/\/tourinformrackeve.hu\/de\/?page_id=1409\">Szigetcs\u00e9p<\/a><br \/>\n<a href=\"https:\/\/tourinformrackeve.hu\/de\/?page_id=1412\">Szigethalom<\/a>\u00a0\u2013\u00a0<a href=\"https:\/\/tourinformrackeve.hu\/de\/?page_id=1415\">Szigetszentm\u00e1rton<\/a>\u00a0\u2013\u00a0<a href=\"https:\/\/tourinformrackeve.hu\/de\/?page_id=1418\">Szigetszentmikl\u00f3s<\/a>\u00a0\u2013\u00a0<a href=\"https:\/\/tourinformrackeve.hu\/de\/?page_id=1421\">Sziget\u00fajfalu<\/a>\u00a0\u2013\u00a0<a href=\"https:\/\/tourinformrackeve.hu\/de\/?page_id=1424\">Taksony<\/a>\u00a0\u2013\u00a0<a href=\"https:\/\/tourinformrackeve.hu\/de\/?page_id=1427\">T\u00f6k\u00f6l<\/a><\/p>\n<p>[\/vc_column_text][\/vc_column][\/vc_row][vc_row][vc_column][vc_empty_space height=&#8221;62px&#8221;][\/vc_column][\/vc_row][vc_row][vc_column width=&#8221;2\/3&#8243;][vc_column_text]<\/p>\n<h3><span style=\"color: #d0103a;\">\u00c1prorka<\/span><\/h3>\n<p align=\"justify\">Die Siedlung liegt s\u00fcdlich von Budapest, an der linken Seite der Donau, 1 km von der Landstra\u00dfe 51. Im Norden grenzt es an Majosh\u00e1za, im Osten an D\u00e9legyh\u00e1za, im S\u00fcden an Kiskunlach\u00e1za und im Westen an die Donau.<\/p>\n<p><strong>Adresse der Selbstverwaltung:<\/strong><br \/>\n<strong>2338, \u00c1porka, Pet\u0151fi u.32.<\/strong><br \/>\n<strong>Tel\/Fax: (24) 409-161<\/strong>[\/vc_column_text][\/vc_column][vc_column width=&#8221;1\/3&#8243;][vc_empty_space height=&#8221;62px&#8221;][vc_single_image image=&#8221;1371&#8243; img_size=&#8221;full&#8221; alignment=&#8221;center&#8221;][\/vc_column][\/vc_row][vc_row][vc_column][vc_column_text]<\/p>\n<p align=\"justify\">Am Gebiet der Siedlung wurde ein Urnenfriedhof aus der Bronzezeit und Gr\u00e4ber aus dem<br \/>\n11-12. Jh. blo\u00dfgelegt. Nach der \u00dcberlieferung geh\u00f6rte dieses Gebiet einst dem K\u00f6nig Heiligen Ladislaus. In den Urkunden wurde das Gebiet ab 1300 erw\u00e4hnt und geh\u00f6rte im 15. Jh. den Familien K\u00e1polnai und Szentiv\u00e1nyi. Wegen Kriege und Naturkatastrofen entv\u00f6lkerte das Gebiet im 17. Jh. Im Mittelalter entstand hier eine andere Siedlung, Namens\u00a0<em>Capolna<\/em>, w\u00e4hrend der T\u00fcrkenherrschaft ging auch das zugrunde.<br \/>\nIm Donationsbrief von Lipot I., 1701 wurde die Siedlung\u00a0<em>Bial\u00a0<\/em>oder\u00a0<em>Aporka g<\/em>enannt.<br \/>\nAus dem 18. Jh. stammt das erste Siegel der Gemeinde, \u00c1rorka geh\u00f6rte damals der Familie Watty. Zur Zeit der Jahrhundertwende lebten die Einwohner aus der Landwirtschaft, aus der Industrie und aus dem \u00f6ffentlichen Dienst.<br \/>\n\u00c1porka liegt in der N\u00e4he der Hauptstadt, das Grundst\u00fcck ist trotzdem billig, so k\u00f6nnen neue industrielle Anlagen und Handelseinheiten errichtet werden.<br \/>\nAm Ufer der Donau wurden zahlreiche Wochenendh\u00e4user gebaut, die Gegend ist trotzdem fast unber\u00fchrt.<\/p>\n<p>[\/vc_column_text][\/vc_column][\/vc_row]<\/p>\n","protected":false},"excerpt":{"rendered":"<p>[vc_row][vc_column][vc_empty_space][\/vc_column][\/vc_row][vc_row][vc_column][vc_custom_heading text=&#8221;Umgebung&#8221; font_container=&#8221;tag:h3|text_align:left&#8221;][\/vc_column][\/vc_row][vc_row][vc_column][vc_column_text] Als\u00f3n\u00e9medi\u00a0\u2013\u00a0Apaj\u00a0\u2013\u00a0\u00c1porka\u00a0\u2013\u00a0Bugyi\u00a0\u2013\u00a0D\u00e9legyh\u00e1za\u00a0\u2013\u00a0D\u00f6ms\u00f6d\u00a0\u2013\u00a0Dunaharaszti\u00a0\u2013\u00a0Dunavars\u00e1ny\u00a0\u2013\u00a0Hal\u00e1sztelek Kiskunlach\u00e1za\u00a0\u2013\u00a0Kulcs\u00a0\u2013\u00a0L\u00f3r\u00e9v\u00a0\u2013\u00a0Majosh\u00e1za\u00a0\u2013\u00a0Mak\u00e1d\u00a0\u2013\u00a0R\u00e1calm\u00e1s\u00a0\u2013\u00a0R\u00e1ckeve\u00a0\u2013\u00a0Szigetbecse\u00a0\u2013\u00a0Szigetcs\u00e9p Szigethalom\u00a0\u2013\u00a0Szigetszentm\u00e1rton\u00a0\u2013\u00a0Szigetszentmikl\u00f3s\u00a0\u2013\u00a0Sziget\u00fajfalu\u00a0\u2013\u00a0Taksony\u00a0\u2013\u00a0T\u00f6k\u00f6l [\/vc_column_text][\/vc_column][\/vc_row][vc_row][vc_column][vc_empty_space height=&#8221;62px&#8221;][\/vc_column][\/vc_row][vc_row][vc_column width=&#8221;2\/3&#8243;][vc_column_text] \u00c1prorka Die Siedlung liegt s\u00fcdlich von Budapest, an der linken Seite der Donau, 1 km von der Landstra\u00dfe 51. Im Norden grenzt es an Majosh\u00e1za, im Osten an D\u00e9legyh\u00e1za, im S\u00fcden an Kiskunlach\u00e1za und im Westen an die Donau. Adresse der Selbstverwaltung: 2338, \u00c1porka, Pet\u0151fi u.32.<\/p>\n<a href=\"https:\/\/tourinformrackeve.hu\/de\/?page_id=1370\" class=\"sohohotel-more-link\">Read More<i class=\"fa fa-angle-right\"><\/i><\/a>","protected":false},"author":1,"featured_media":0,"parent":0,"menu_order":0,"comment_status":"closed","ping_status":"closed","template":"","meta":[],"_links":{"self":[{"href":"https:\/\/tourinformrackeve.hu\/de\/index.php?rest_route=\/wp\/v2\/pages\/1370"}],"collection":[{"href":"https:\/\/tourinformrackeve.hu\/de\/index.php?rest_route=\/wp\/v2\/pages"}],"about":[{"href":"https:\/\/tourinformrackeve.hu\/de\/index.php?rest_route=\/wp\/v2\/types\/page"}],"author":[{"embeddable":true,"href":"https:\/\/tourinformrackeve.hu\/de\/index.php?rest_route=\/wp\/v2\/users\/1"}],"replies":[{"embeddable":true,"href":"https:\/\/tourinformrackeve.hu\/de\/index.php?rest_route=%2Fwp%2Fv2%2Fcomments&post=1370"}],"version-history":[{"count":6,"href":"https:\/\/tourinformrackeve.hu\/de\/index.php?rest_route=\/wp\/v2\/pages\/1370\/revisions"}],"predecessor-version":[{"id":1834,"href":"https:\/\/tourinformrackeve.hu\/de\/index.php?rest_route=\/wp\/v2\/pages\/1370\/revisions\/1834"}],"wp:attachment":[{"href":"https:\/\/tourinformrackeve.hu\/de\/index.php?rest_route=%2Fwp%2Fv2%2Fmedia&parent=1370"}],"curies":[{"name":"wp","href":"https:\/\/api.w.org\/{rel}","templated":true}]}}

Umgebung-Áporka

<p>[vc_row][vc_column][vc_empty_space][/vc_column][/vc_row][vc_row][vc_column][vc_custom_heading text=&#8221;Umgebung&#8221; font_container=&#8221;tag:h3|text_align:left&#8221;][/vc_column][/vc_row][vc_row][vc_column][vc_column_text]</p>
<p style="text-align: center;"><a href="https://tourinformrackeve.hu/de/?page_id=1430">Alsónémedi</a> – <a href="https://tourinformrackeve.hu/de/?page_id=1354">Apaj </a>– <a href="https://tourinformrackeve.hu/de/?page_id=1370">Áporka </a>– <a href="https://tourinformrackeve.hu/de/?page_id=1431">Bugyi</a> – <a href="https://tourinformrackeve.hu/de/?page_id=1374">Délegyháza </a>– <a href="https://tourinformrackeve.hu/de/?page_id=1377">Dömsöd </a>– <a href="https://tourinformrackeve.hu/de/?page_id=1381">Dunaharaszti </a>– <a href="https://tourinformrackeve.hu/de/?page_id=1384">Dunavarsány </a>– <a href="https://tourinformrackeve.hu/de/?page_id=1387">Halásztelek</a><br />
<a href="https://tourinformrackeve.hu/de/?page_id=1390">Kiskunlacháza </a>– <a href="https://tourinformrackeve.hu/de/?page_id=1432">Kulcs </a>– <a href="https://tourinformrackeve.hu/de/?page_id=1393">Lórév</a> – <a href="https://tourinformrackeve.hu/de/?page_id=1397">Majosháza</a> – <a href="https://tourinformrackeve.hu/de/?page_id=1400">Makád</a> – <a href="https://tourinformrackeve.hu/de/?page_id=1433">Rácalmás</a> – <a href="https://tourinformrackeve.hu/de/?page_id=1403">Ráckeve</a> – <a href="https://tourinformrackeve.hu/de/?page_id=1406">Szigetbecse</a> – <a href="https://tourinformrackeve.hu/de/?page_id=1409">Szigetcsép</a><br />
<a href="https://tourinformrackeve.hu/de/?page_id=1412">Szigethalom</a> – <a href="https://tourinformrackeve.hu/de/?page_id=1415">Szigetszentmárton</a> – <a href="https://tourinformrackeve.hu/de/?page_id=1418">Szigetszentmiklós</a> – <a href="https://tourinformrackeve.hu/de/?page_id=1421">Szigetújfalu</a> – <a href="https://tourinformrackeve.hu/de/?page_id=1424">Taksony</a> – <a href="https://tourinformrackeve.hu/de/?page_id=1427">Tököl</a></p>
<p>[/vc_column_text][/vc_column][/vc_row][vc_row][vc_column][vc_empty_space height=&#8221;62px&#8221;][/vc_column][/vc_row][vc_row][vc_column width=&#8221;2/3&#8243;][vc_column_text]</p>
<h3><span style="color: #d0103a;">Áprorka</span></h3>
<p align="justify">Die Siedlung liegt südlich von Budapest, an der linken Seite der Donau, 1 km von der Landstraße 51. Im Norden grenzt es an Majosháza, im Osten an Délegyháza, im Süden an Kiskunlacháza und im Westen an die Donau.</p>
<p><strong>Adresse der Selbstverwaltung:</strong><br />
<strong>2338, Áporka, Petőfi u.32.</strong><br />
<strong>Tel/Fax: (24) 409-161</strong>[/vc_column_text][/vc_column][vc_column width=&#8221;1/3&#8243;][vc_empty_space height=&#8221;62px&#8221;][vc_single_image image=&#8221;1371&#8243; img_size=&#8221;full&#8221; alignment=&#8221;center&#8221;][/vc_column][/vc_row][vc_row][vc_column][vc_column_text]</p>
<p align="justify">Am Gebiet der Siedlung wurde ein Urnenfriedhof aus der Bronzezeit und Gräber aus dem<br />
11-12. Jh. bloßgelegt. Nach der Überlieferung gehörte dieses Gebiet einst dem König Heiligen Ladislaus. In den Urkunden wurde das Gebiet ab 1300 erwähnt und gehörte im 15. Jh. den Familien Kápolnai und Szentiványi. Wegen Kriege und Naturkatastrofen entvölkerte das Gebiet im 17. Jh. Im Mittelalter entstand hier eine andere Siedlung, Namens <em>Capolna</em>, während der Türkenherrschaft ging auch das zugrunde.<br />
Im Donationsbrief von Lipot I., 1701 wurde die Siedlung <em>Bial </em>oder <em>Aporka g</em>enannt.<br />
Aus dem 18. Jh. stammt das erste Siegel der Gemeinde, Árorka gehörte damals der Familie Watty. Zur Zeit der Jahrhundertwende lebten die Einwohner aus der Landwirtschaft, aus der Industrie und aus dem öffentlichen Dienst.<br />
Áporka liegt in der Nähe der Hauptstadt, das Grundstück ist trotzdem billig, so können neue industrielle Anlagen und Handelseinheiten errichtet werden.<br />
Am Ufer der Donau wurden zahlreiche Wochenendhäuser gebaut, die Gegend ist trotzdem fast unberührt.</p>
<p>[/vc_column_text][/vc_column][/vc_row]</p>

<p>[vc_row][vc_column][vc_empty_space][/vc_column][/vc_row][vc_row][vc_column][vc_custom_heading text=&#8221;Umgebung&#8221; font_container=&#8221;tag:h3|text_align:left&#8221;][/vc_column][/vc_row][vc_row][vc_column][vc_column_text] Alsónémedi – Apaj – Áporka – Bugyi – Délegyháza – Dömsöd – Dunaharaszti – Dunavarsány – Halásztelek Kiskunlacháza – Kulcs – Lórév – Majosháza – Makád – Rácalmás – Ráckeve – Szigetbecse – Szigetcsép Szigethalom – Szigetszentmárton – Szigetszentmiklós – Szigetújfalu – Taksony – Tököl [/vc_column_text][/vc_column][/vc_row][vc_row][vc_column][vc_empty_space height=&#8221;62px&#8221;][/vc_column][/vc_row][vc_row][vc_column width=&#8221;2/3&#8243;][vc_column_text] Áprorka Die Siedlung liegt südlich von Budapest, an der linken Seite der Donau, 1 km von der Landstraße 51. Im Norden grenzt es an Majosháza, im Osten an Délegyháza, im Süden an Kiskunlacháza und im Westen an die Donau. Adresse der Selbstverwaltung: 2338, Áporka, Petőfi u.32.</p>
<a href="https://tourinformrackeve.hu/de/?page_id=1370" class="sohohotel-more-link">Read More<i class="fa fa-angle-right"></i></a>
