{"id":1393,"date":"2021-03-08T12:23:51","date_gmt":"2021-03-08T12:23:51","guid":{"rendered":"http:\/\/syss.hu\/?page_id=1393"},"modified":"2021-04-12T08:00:34","modified_gmt":"2021-04-12T08:00:34","slug":"kisterseg-lorev","status":"publish","type":"page","link":"https:\/\/tourinformrackeve.hu\/de\/?page_id=1393","title":{"rendered":"Umgebung-L\u00f3r\u00e9v"},"content":{"rendered":"<p>[vc_row][vc_column][vc_empty_space][\/vc_column][\/vc_row][vc_row][vc_column][vc_custom_heading text=&#8221;Umgebung&#8221; font_container=&#8221;tag:h3|text_align:left&#8221;][\/vc_column][\/vc_row][vc_row][vc_column][vc_column_text]<\/p>\n<p style=\"text-align: center;\"><a href=\"https:\/\/tourinformrackeve.hu\/de\/?page_id=1430\">Als\u00f3n\u00e9medi<\/a>\u00a0\u2013\u00a0<a href=\"https:\/\/tourinformrackeve.hu\/de\/?page_id=1354\">Apaj\u00a0<\/a>\u2013\u00a0<a href=\"https:\/\/tourinformrackeve.hu\/de\/?page_id=1370\">\u00c1porka\u00a0<\/a>\u2013\u00a0<a href=\"https:\/\/tourinformrackeve.hu\/de\/?page_id=1431\">Bugyi<\/a>\u00a0\u2013\u00a0<a href=\"https:\/\/tourinformrackeve.hu\/de\/?page_id=1374\">D\u00e9legyh\u00e1za\u00a0<\/a>\u2013\u00a0<a href=\"https:\/\/tourinformrackeve.hu\/de\/?page_id=1377\">D\u00f6ms\u00f6d\u00a0<\/a>\u2013\u00a0<a href=\"https:\/\/tourinformrackeve.hu\/de\/?page_id=1381\">Dunaharaszti\u00a0<\/a>\u2013\u00a0<a href=\"https:\/\/tourinformrackeve.hu\/de\/?page_id=1384\">Dunavars\u00e1ny\u00a0<\/a>\u2013\u00a0<a href=\"https:\/\/tourinformrackeve.hu\/de\/?page_id=1387\">Hal\u00e1sztelek<\/a><br \/>\n<a href=\"https:\/\/tourinformrackeve.hu\/de\/?page_id=1390\">Kiskunlach\u00e1za\u00a0<\/a>\u2013\u00a0<a href=\"https:\/\/tourinformrackeve.hu\/de\/?page_id=1432\">Kulcs\u00a0<\/a>\u2013\u00a0<a href=\"https:\/\/tourinformrackeve.hu\/de\/?page_id=1393\">L\u00f3r\u00e9v<\/a>\u00a0\u2013\u00a0<a href=\"https:\/\/tourinformrackeve.hu\/de\/?page_id=1397\">Majosh\u00e1za<\/a>\u00a0\u2013\u00a0<a href=\"https:\/\/tourinformrackeve.hu\/de\/?page_id=1400\">Mak\u00e1d<\/a>\u00a0\u2013\u00a0<a href=\"https:\/\/tourinformrackeve.hu\/de\/?page_id=1433\">R\u00e1calm\u00e1s<\/a>\u00a0\u2013\u00a0<a href=\"https:\/\/tourinformrackeve.hu\/de\/?page_id=1403\">R\u00e1ckeve<\/a>\u00a0\u2013\u00a0<a href=\"https:\/\/tourinformrackeve.hu\/de\/?page_id=1406\">Szigetbecse<\/a>\u00a0\u2013\u00a0<a href=\"https:\/\/tourinformrackeve.hu\/de\/?page_id=1409\">Szigetcs\u00e9p<\/a><br \/>\n<a href=\"https:\/\/tourinformrackeve.hu\/de\/?page_id=1412\">Szigethalom<\/a>\u00a0\u2013\u00a0<a href=\"https:\/\/tourinformrackeve.hu\/de\/?page_id=1415\">Szigetszentm\u00e1rton<\/a>\u00a0\u2013\u00a0<a href=\"https:\/\/tourinformrackeve.hu\/de\/?page_id=1418\">Szigetszentmikl\u00f3s<\/a>\u00a0\u2013\u00a0<a href=\"https:\/\/tourinformrackeve.hu\/de\/?page_id=1421\">Sziget\u00fajfalu<\/a>\u00a0\u2013\u00a0<a href=\"https:\/\/tourinformrackeve.hu\/de\/?page_id=1424\">Taksony<\/a>\u00a0\u2013\u00a0<a href=\"https:\/\/tourinformrackeve.hu\/de\/?page_id=1427\">T\u00f6k\u00f6l<\/a><\/p>\n<p>[\/vc_column_text][\/vc_column][\/vc_row][vc_row][vc_column][vc_empty_space height=&#8221;62px&#8221;][\/vc_column][\/vc_row][vc_row][vc_column width=&#8221;2\/3&#8243;][vc_column_text]<\/p>\n<h3><span style=\"color: #d0103a;\">L\u00f3r\u00e9v<\/span><\/h3>\n<p align=\"justify\">Es liegt auf der Csepel-Insel, 50 km von Budapest, im Komitat Pest, neben R\u00e1ckeve. Seine Nachbard\u00f6rfer sind im S\u00fcden Mak\u00e1d, im Osten Szigetbecse.<\/p>\n<p><strong>Adresse der Selbstverwaltung:<\/strong><br \/>\n<strong>2309 L\u00f3r\u00e9v, Dundity A. u. 24.<\/strong><br \/>\n<strong>Tel.\/Fax: (24) 482-544<\/strong>[\/vc_column_text][\/vc_column][vc_column width=&#8221;1\/3&#8243;][vc_empty_space height=&#8221;62px&#8221;][vc_single_image image=&#8221;1394&#8243; img_size=&#8221;full&#8221; alignment=&#8221;center&#8221;][\/vc_column][\/vc_row][vc_row][vc_column][vc_column_text]<\/p>\n<p align=\"justify\">Dieses Gebiet war st\u00e4ndig bewohnt. Aus dem 1-3. Jh. fand man Wracks eines r\u00f6mischen Schiffes und Tr\u00fcmmer eines r\u00f6mischen Wachturms denn L\u00f3r\u00e9v diente schon immer als \u00dcbergang an der Donau. Der Name weist darauf hin, dass die Ungarn w\u00e4hrend der Landnahme ihr Gest\u00fct und ihren Viehbestand hier von einer Seite der Donau auf die andere trieben.<br \/>\nDas Dorf wird das erste Mal als\u00a0<em>Portus equorum<\/em>\u00a01259 erw\u00e4hnt. Wahrscheinlich haben sich hier um 1440 nach R\u00e1ckeve fliehende Serben niederlassen. In ihrer geschlossenen Gemeinschaft haben die Serben ihre Sitten bewahrt. L\u00f3r\u00e9v ist zur Zeit selbst\u00e4ndig hat eine Selbstverwaltung und eine serbische Minderheitenselbstverwaltung. Die Sehensw\u00fcrdigkeiten von L\u00f3r\u00e9v sind die Kirche aus dem 18. Jh., ihre Ikonostas aus dem 19. Jh. und die Erinnerungskapelle Zichy, die die kaiserliche Familie 1859 bauen lie\u00df. In der Kunstgalerie sind zeitgen\u00f6ssische, serbische Stiche und Gem\u00e4lde ausgestellt. In L\u00f3r\u00e9v ist die Natur reich an Rarit\u00e4ten der Pflanzen-und Tierwelt. Die Landschaft westlich vom Dorf ist Naturschutzgebiet. Der gr\u00f6\u00dfte botanische Schatz des Hochwassergel\u00e4ndes ist der Schwarzdorn und hier nesten 30 gesch\u00fctzte Vogelarten.<\/p>\n<p>[\/vc_column_text][\/vc_column][\/vc_row]<\/p>\n","protected":false},"excerpt":{"rendered":"<p>[vc_row][vc_column][vc_empty_space][\/vc_column][\/vc_row][vc_row][vc_column][vc_custom_heading text=&#8221;Umgebung&#8221; font_container=&#8221;tag:h3|text_align:left&#8221;][\/vc_column][\/vc_row][vc_row][vc_column][vc_column_text] Als\u00f3n\u00e9medi\u00a0\u2013\u00a0Apaj\u00a0\u2013\u00a0\u00c1porka\u00a0\u2013\u00a0Bugyi\u00a0\u2013\u00a0D\u00e9legyh\u00e1za\u00a0\u2013\u00a0D\u00f6ms\u00f6d\u00a0\u2013\u00a0Dunaharaszti\u00a0\u2013\u00a0Dunavars\u00e1ny\u00a0\u2013\u00a0Hal\u00e1sztelek Kiskunlach\u00e1za\u00a0\u2013\u00a0Kulcs\u00a0\u2013\u00a0L\u00f3r\u00e9v\u00a0\u2013\u00a0Majosh\u00e1za\u00a0\u2013\u00a0Mak\u00e1d\u00a0\u2013\u00a0R\u00e1calm\u00e1s\u00a0\u2013\u00a0R\u00e1ckeve\u00a0\u2013\u00a0Szigetbecse\u00a0\u2013\u00a0Szigetcs\u00e9p Szigethalom\u00a0\u2013\u00a0Szigetszentm\u00e1rton\u00a0\u2013\u00a0Szigetszentmikl\u00f3s\u00a0\u2013\u00a0Sziget\u00fajfalu\u00a0\u2013\u00a0Taksony\u00a0\u2013\u00a0T\u00f6k\u00f6l [\/vc_column_text][\/vc_column][\/vc_row][vc_row][vc_column][vc_empty_space height=&#8221;62px&#8221;][\/vc_column][\/vc_row][vc_row][vc_column width=&#8221;2\/3&#8243;][vc_column_text] L\u00f3r\u00e9v Es liegt auf der Csepel-Insel, 50 km von Budapest, im Komitat Pest, neben R\u00e1ckeve. Seine Nachbard\u00f6rfer sind im S\u00fcden Mak\u00e1d, im Osten Szigetbecse. Adresse der Selbstverwaltung: 2309 L\u00f3r\u00e9v, Dundity A. u. 24. Tel.\/Fax: (24) 482-544[\/vc_column_text][\/vc_column][vc_column width=&#8221;1\/3&#8243;][vc_empty_space height=&#8221;62px&#8221;][vc_single_image image=&#8221;1394&#8243; img_size=&#8221;full&#8221; alignment=&#8221;center&#8221;][\/vc_column][\/vc_row][vc_row][vc_column][vc_column_text] Dieses Gebiet war st\u00e4ndig bewohnt.<\/p>\n<a href=\"https:\/\/tourinformrackeve.hu\/de\/?page_id=1393\" class=\"sohohotel-more-link\">Read More<i class=\"fa fa-angle-right\"><\/i><\/a>","protected":false},"author":1,"featured_media":0,"parent":0,"menu_order":0,"comment_status":"closed","ping_status":"closed","template":"","meta":[],"_links":{"self":[{"href":"https:\/\/tourinformrackeve.hu\/de\/index.php?rest_route=\/wp\/v2\/pages\/1393"}],"collection":[{"href":"https:\/\/tourinformrackeve.hu\/de\/index.php?rest_route=\/wp\/v2\/pages"}],"about":[{"href":"https:\/\/tourinformrackeve.hu\/de\/index.php?rest_route=\/wp\/v2\/types\/page"}],"author":[{"embeddable":true,"href":"https:\/\/tourinformrackeve.hu\/de\/index.php?rest_route=\/wp\/v2\/users\/1"}],"replies":[{"embeddable":true,"href":"https:\/\/tourinformrackeve.hu\/de\/index.php?rest_route=%2Fwp%2Fv2%2Fcomments&post=1393"}],"version-history":[{"count":5,"href":"https:\/\/tourinformrackeve.hu\/de\/index.php?rest_route=\/wp\/v2\/pages\/1393\/revisions"}],"predecessor-version":[{"id":1846,"href":"https:\/\/tourinformrackeve.hu\/de\/index.php?rest_route=\/wp\/v2\/pages\/1393\/revisions\/1846"}],"wp:attachment":[{"href":"https:\/\/tourinformrackeve.hu\/de\/index.php?rest_route=%2Fwp%2Fv2%2Fmedia&parent=1393"}],"curies":[{"name":"wp","href":"https:\/\/api.w.org\/{rel}","templated":true}]}}

Umgebung-Lórév

<p>[vc_row][vc_column][vc_empty_space][/vc_column][/vc_row][vc_row][vc_column][vc_custom_heading text=&#8221;Umgebung&#8221; font_container=&#8221;tag:h3|text_align:left&#8221;][/vc_column][/vc_row][vc_row][vc_column][vc_column_text]</p>
<p style="text-align: center;"><a href="https://tourinformrackeve.hu/de/?page_id=1430">Alsónémedi</a> – <a href="https://tourinformrackeve.hu/de/?page_id=1354">Apaj </a>– <a href="https://tourinformrackeve.hu/de/?page_id=1370">Áporka </a>– <a href="https://tourinformrackeve.hu/de/?page_id=1431">Bugyi</a> – <a href="https://tourinformrackeve.hu/de/?page_id=1374">Délegyháza </a>– <a href="https://tourinformrackeve.hu/de/?page_id=1377">Dömsöd </a>– <a href="https://tourinformrackeve.hu/de/?page_id=1381">Dunaharaszti </a>– <a href="https://tourinformrackeve.hu/de/?page_id=1384">Dunavarsány </a>– <a href="https://tourinformrackeve.hu/de/?page_id=1387">Halásztelek</a><br />
<a href="https://tourinformrackeve.hu/de/?page_id=1390">Kiskunlacháza </a>– <a href="https://tourinformrackeve.hu/de/?page_id=1432">Kulcs </a>– <a href="https://tourinformrackeve.hu/de/?page_id=1393">Lórév</a> – <a href="https://tourinformrackeve.hu/de/?page_id=1397">Majosháza</a> – <a href="https://tourinformrackeve.hu/de/?page_id=1400">Makád</a> – <a href="https://tourinformrackeve.hu/de/?page_id=1433">Rácalmás</a> – <a href="https://tourinformrackeve.hu/de/?page_id=1403">Ráckeve</a> – <a href="https://tourinformrackeve.hu/de/?page_id=1406">Szigetbecse</a> – <a href="https://tourinformrackeve.hu/de/?page_id=1409">Szigetcsép</a><br />
<a href="https://tourinformrackeve.hu/de/?page_id=1412">Szigethalom</a> – <a href="https://tourinformrackeve.hu/de/?page_id=1415">Szigetszentmárton</a> – <a href="https://tourinformrackeve.hu/de/?page_id=1418">Szigetszentmiklós</a> – <a href="https://tourinformrackeve.hu/de/?page_id=1421">Szigetújfalu</a> – <a href="https://tourinformrackeve.hu/de/?page_id=1424">Taksony</a> – <a href="https://tourinformrackeve.hu/de/?page_id=1427">Tököl</a></p>
<p>[/vc_column_text][/vc_column][/vc_row][vc_row][vc_column][vc_empty_space height=&#8221;62px&#8221;][/vc_column][/vc_row][vc_row][vc_column width=&#8221;2/3&#8243;][vc_column_text]</p>
<h3><span style="color: #d0103a;">Lórév</span></h3>
<p align="justify">Es liegt auf der Csepel-Insel, 50 km von Budapest, im Komitat Pest, neben Ráckeve. Seine Nachbardörfer sind im Süden Makád, im Osten Szigetbecse.</p>
<p><strong>Adresse der Selbstverwaltung:</strong><br />
<strong>2309 Lórév, Dundity A. u. 24.</strong><br />
<strong>Tel./Fax: (24) 482-544</strong>[/vc_column_text][/vc_column][vc_column width=&#8221;1/3&#8243;][vc_empty_space height=&#8221;62px&#8221;][vc_single_image image=&#8221;1394&#8243; img_size=&#8221;full&#8221; alignment=&#8221;center&#8221;][/vc_column][/vc_row][vc_row][vc_column][vc_column_text]</p>
<p align="justify">Dieses Gebiet war ständig bewohnt. Aus dem 1-3. Jh. fand man Wracks eines römischen Schiffes und Trümmer eines römischen Wachturms denn Lórév diente schon immer als Übergang an der Donau. Der Name weist darauf hin, dass die Ungarn während der Landnahme ihr Gestüt und ihren Viehbestand hier von einer Seite der Donau auf die andere trieben.<br />
Das Dorf wird das erste Mal als <em>Portus equorum</em> 1259 erwähnt. Wahrscheinlich haben sich hier um 1440 nach Ráckeve fliehende Serben niederlassen. In ihrer geschlossenen Gemeinschaft haben die Serben ihre Sitten bewahrt. Lórév ist zur Zeit selbständig hat eine Selbstverwaltung und eine serbische Minderheitenselbstverwaltung. Die Sehenswürdigkeiten von Lórév sind die Kirche aus dem 18. Jh., ihre Ikonostas aus dem 19. Jh. und die Erinnerungskapelle Zichy, die die kaiserliche Familie 1859 bauen ließ. In der Kunstgalerie sind zeitgenössische, serbische Stiche und Gemälde ausgestellt. In Lórév ist die Natur reich an Raritäten der Pflanzen-und Tierwelt. Die Landschaft westlich vom Dorf ist Naturschutzgebiet. Der größte botanische Schatz des Hochwassergeländes ist der Schwarzdorn und hier nesten 30 geschützte Vogelarten.</p>
<p>[/vc_column_text][/vc_column][/vc_row]</p>

<p>[vc_row][vc_column][vc_empty_space][/vc_column][/vc_row][vc_row][vc_column][vc_custom_heading text=&#8221;Umgebung&#8221; font_container=&#8221;tag:h3|text_align:left&#8221;][/vc_column][/vc_row][vc_row][vc_column][vc_column_text] Alsónémedi – Apaj – Áporka – Bugyi – Délegyháza – Dömsöd – Dunaharaszti – Dunavarsány – Halásztelek Kiskunlacháza – Kulcs – Lórév – Majosháza – Makád – Rácalmás – Ráckeve – Szigetbecse – Szigetcsép Szigethalom – Szigetszentmárton – Szigetszentmiklós – Szigetújfalu – Taksony – Tököl [/vc_column_text][/vc_column][/vc_row][vc_row][vc_column][vc_empty_space height=&#8221;62px&#8221;][/vc_column][/vc_row][vc_row][vc_column width=&#8221;2/3&#8243;][vc_column_text] Lórév Es liegt auf der Csepel-Insel, 50 km von Budapest, im Komitat Pest, neben Ráckeve. Seine Nachbardörfer sind im Süden Makád, im Osten Szigetbecse. Adresse der Selbstverwaltung: 2309 Lórév, Dundity A. u. 24. Tel./Fax: (24) 482-544[/vc_column_text][/vc_column][vc_column width=&#8221;1/3&#8243;][vc_empty_space height=&#8221;62px&#8221;][vc_single_image image=&#8221;1394&#8243; img_size=&#8221;full&#8221; alignment=&#8221;center&#8221;][/vc_column][/vc_row][vc_row][vc_column][vc_column_text] Dieses Gebiet war ständig bewohnt.</p>
<a href="https://tourinformrackeve.hu/de/?page_id=1393" class="sohohotel-more-link">Read More<i class="fa fa-angle-right"></i></a>
