{"id":1518,"date":"2021-03-22T12:25:32","date_gmt":"2021-03-22T12:25:32","guid":{"rendered":"https:\/\/tourinformrackeve.hu\/?page_id=1518"},"modified":"2023-06-14T08:58:30","modified_gmt":"2023-06-14T08:58:30","slug":"latnivalok-alsonemedi","status":"publish","type":"page","link":"https:\/\/tourinformrackeve.hu\/de\/?page_id=1518","title":{"rendered":"Sehensw\u00fcrdigkeiten-Als\u00f3n\u00e9medi"},"content":{"rendered":"<p>[vc_row][vc_column][vc_empty_space][\/vc_column][\/vc_row][vc_row][vc_column][vc_custom_heading text=&#8221;Sehensw\u00fcrdigkeiten&#8221; font_container=&#8221;tag:h3|text_align:left&#8221;][\/vc_column][\/vc_row][vc_row][vc_column][vc_column_text]<\/p>\n<p style=\"text-align: center;\"><a href=\"https:\/\/tourinformrackeve.hu\/de\/?page_id=1518\">Als\u00f3n\u00e9medi<\/a>\u00a0\u2013\u00a0<a href=\"https:\/\/tourinformrackeve.hu\/de\/?page_id=1520\">Apaj\u00a0<\/a>\u2013\u00a0<a href=\"https:\/\/tourinformrackeve.hu\/de\/?page_id=1526\">\u00c1porka\u00a0<\/a>\u2013\u00a0<a href=\"https:\/\/tourinformrackeve.hu\/de\/?page_id=1529\">Bugyi<\/a>\u00a0\u2013\u00a0<a href=\"https:\/\/tourinformrackeve.hu\/de\/?page_id=1533\">D\u00e9legyh\u00e1za\u00a0<\/a>\u2013\u00a0<a href=\"https:\/\/tourinformrackeve.hu\/de\/?page_id=1535\">D\u00f6ms\u00f6d\u00a0<\/a>\u2013\u00a0<a href=\"https:\/\/tourinformrackeve.hu\/de\/?page_id=1537\">Dunaharaszti\u00a0<\/a>\u2013\u00a0<a href=\"https:\/\/tourinformrackeve.hu\/de\/?page_id=1540\">Dunavars\u00e1ny\u00a0<\/a>\u2013\u00a0<a href=\"https:\/\/tourinformrackeve.hu\/de\/?page_id=1542\">Hal\u00e1sztelek<\/a><br \/>\n<a href=\"https:\/\/tourinformrackeve.hu\/de\/?page_id=1544\">Kiskunlach\u00e1za\u00a0<\/a>\u2013\u00a0<a href=\"https:\/\/tourinformrackeve.hu\/de\/?page_id=1547\">Kulcs\u00a0<\/a>\u2013\u00a0<a href=\"https:\/\/tourinformrackeve.hu\/de\/?page_id=1549\">L\u00f3r\u00e9v<\/a>\u00a0\u2013\u00a0<a href=\"https:\/\/tourinformrackeve.hu\/de\/?page_id=1552\">Majosh\u00e1za<\/a>\u00a0\u2013\u00a0<a href=\"https:\/\/tourinformrackeve.hu\/de\/?page_id=1554\">Mak\u00e1d<\/a>\u00a0\u2013\u00a0<a href=\"https:\/\/tourinformrackeve.hu\/de\/?page_id=1556\">R\u00e1calm\u00e1s<\/a>\u00a0\u2013\u00a0<a href=\"https:\/\/tourinformrackeve.hu\/de\/?page_id=1558\">R\u00e1ckeve<\/a>\u00a0\u2013\u00a0<a href=\"https:\/\/tourinformrackeve.hu\/de\/?page_id=1560\">Szigetbecse<\/a>\u00a0\u2013\u00a0<a href=\"https:\/\/tourinformrackeve.hu\/de\/?page_id=1563\">Szigetcs\u00e9p<\/a><br \/>\n<a href=\"https:\/\/tourinformrackeve.hu\/de\/?page_id=1565\">Szigethalom<\/a>\u00a0\u2013\u00a0<a href=\"https:\/\/tourinformrackeve.hu\/de\/?page_id=1567\">Szigetszentm\u00e1rton<\/a>\u00a0\u2013\u00a0<a href=\"https:\/\/tourinformrackeve.hu\/de\/?page_id=1569\">Szigetszentmikl\u00f3s<\/a>\u00a0\u2013\u00a0<a href=\"https:\/\/tourinformrackeve.hu\/de\/?page_id=1571\">Sziget\u00fajfalu<\/a>\u00a0\u2013\u00a0<a href=\"https:\/\/tourinformrackeve.hu\/de\/?page_id=1573\">Taksony<\/a>\u00a0\u2013\u00a0<a href=\"https:\/\/tourinformrackeve.hu\/de\/?page_id=1575\">T\u00f6k\u00f6l<\/a><\/p>\n<p>[\/vc_column_text][\/vc_column][\/vc_row][vc_row][vc_column][vc_empty_space height=&#8221;62px&#8221;][\/vc_column][\/vc_row][vc_row][vc_column][vc_column_text]<\/p>\n<h3><span style=\"color: #d0103a;\">Dorfhaus Als\u00f3n\u00e9medi:<\/span><\/h3>\n<p><span class=\"Y2IQFc\" lang=\"de\">Das Dorfhaus Als\u00f3n\u00e9medi wurde 1995\/96 zu Ehren des tausendj\u00e4hrigen Bestehens der Besatzung erbaut. Die Einrichtung und das ethnografische Material des Dorfhauses wurden von der Dorfbev\u00f6lkerung gesammelt; Die ersten Sammlungen wurden von den Kindern unter Anleitung der Lehrer der Sz\u00e9chenyi-Istv\u00e1n-Grundschule durchgef\u00fchrt. Die Sammlung w\u00e4chst, erweitert und versch\u00f6nert bis heute, dank der Pflege der Tradition und des Respekts der Bewohner f\u00fcr die Vergangenheit.<\/span><\/p>\n<p><span class=\"Y2IQFc\" lang=\"de\">Das Dorfhaus ist ein Ausstellungsraum f\u00fcr die ethnografische Sammlung des Dorfes Als\u00f3n\u00e9medi und beherbergt au\u00dferdem verschiedene Programme, Vortr\u00e4ge, Filmvorf\u00fchrungen und Kunstworkshops.<\/span><\/p>\n<p><span class=\"Y2IQFc\" lang=\"de\">\u00d6ffnungszeiten des Gemeindehauses: sonntags von 15 bis 18 Uhr.<\/span><\/p>\n<p><span class=\"Y2IQFc\" lang=\"de\">F\u00fcr Besucher stehen wir nach vorheriger Absprache auch zu anderen Zeiten zur Verf\u00fcgung.<\/span><\/p>\n<p><span class=\"Y2IQFc\" lang=\"de\">Weitere Informationen, Bilder und Programme finden Sie auf der Website der Gemeinde Als\u00f3n\u00e9med.<\/span><\/p>\n<p><span class=\"Y2IQFc\" lang=\"de\">Unsere Kontaktdaten: Kontakt: Ilona Jobb\u00e1gy, K\u00e1roly-Hal\u00e1szy-Kulturhaus Als\u00f3n\u00e9medi, D\u00f3zsa Gy\u00f6rgy t\u00e9r 2.<\/span><\/p>\n<p><span class=\"Y2IQFc\" lang=\"de\">Adresse: Faluh\u00e1z, 2351. Als\u00f3n\u00e9medi, Iskola u. 1\/b. <\/span><\/p>\n<p><span class=\"Y2IQFc\" lang=\"de\">E-Mail: nemedi.faluhaz@gmail.com<\/span><\/p>\n<p><span class=\"Y2IQFc\" lang=\"de\">Telefon: 70-771-2692<\/span><\/p>\n<p><span class=\"Y2IQFc\" lang=\"de\">R\u00f6misch-katholische Kirche zur Erh\u00f6hung des Heiligen Kreuzes (Barockstil) Reformierte Kirche (Barock)<\/span>[\/vc_column_text][\/vc_column][\/vc_row]<\/p>\n","protected":false},"excerpt":{"rendered":"<p>[vc_row][vc_column][vc_empty_space][\/vc_column][\/vc_row][vc_row][vc_column][vc_custom_heading text=&#8221;Sehensw\u00fcrdigkeiten&#8221; font_container=&#8221;tag:h3|text_align:left&#8221;][\/vc_column][\/vc_row][vc_row][vc_column][vc_column_text] Als\u00f3n\u00e9medi\u00a0\u2013\u00a0Apaj\u00a0\u2013\u00a0\u00c1porka\u00a0\u2013\u00a0Bugyi\u00a0\u2013\u00a0D\u00e9legyh\u00e1za\u00a0\u2013\u00a0D\u00f6ms\u00f6d\u00a0\u2013\u00a0Dunaharaszti\u00a0\u2013\u00a0Dunavars\u00e1ny\u00a0\u2013\u00a0Hal\u00e1sztelek Kiskunlach\u00e1za\u00a0\u2013\u00a0Kulcs\u00a0\u2013\u00a0L\u00f3r\u00e9v\u00a0\u2013\u00a0Majosh\u00e1za\u00a0\u2013\u00a0Mak\u00e1d\u00a0\u2013\u00a0R\u00e1calm\u00e1s\u00a0\u2013\u00a0R\u00e1ckeve\u00a0\u2013\u00a0Szigetbecse\u00a0\u2013\u00a0Szigetcs\u00e9p Szigethalom\u00a0\u2013\u00a0Szigetszentm\u00e1rton\u00a0\u2013\u00a0Szigetszentmikl\u00f3s\u00a0\u2013\u00a0Sziget\u00fajfalu\u00a0\u2013\u00a0Taksony\u00a0\u2013\u00a0T\u00f6k\u00f6l [\/vc_column_text][\/vc_column][\/vc_row][vc_row][vc_column][vc_empty_space height=&#8221;62px&#8221;][\/vc_column][\/vc_row][vc_row][vc_column][vc_column_text] Dorfhaus Als\u00f3n\u00e9medi: Das Dorfhaus Als\u00f3n\u00e9medi wurde 1995\/96 zu Ehren des tausendj\u00e4hrigen Bestehens der Besatzung erbaut. Die Einrichtung und das ethnografische Material des Dorfhauses wurden von der Dorfbev\u00f6lkerung gesammelt; Die ersten Sammlungen wurden von den Kindern unter Anleitung der Lehrer der Sz\u00e9chenyi-Istv\u00e1n-Grundschule durchgef\u00fchrt. Die Sammlung w\u00e4chst, erweitert und<\/p>\n<a href=\"https:\/\/tourinformrackeve.hu\/de\/?page_id=1518\" class=\"sohohotel-more-link\">Read More<i class=\"fa fa-angle-right\"><\/i><\/a>","protected":false},"author":1,"featured_media":0,"parent":0,"menu_order":0,"comment_status":"closed","ping_status":"closed","template":"","meta":[],"_links":{"self":[{"href":"https:\/\/tourinformrackeve.hu\/de\/index.php?rest_route=\/wp\/v2\/pages\/1518"}],"collection":[{"href":"https:\/\/tourinformrackeve.hu\/de\/index.php?rest_route=\/wp\/v2\/pages"}],"about":[{"href":"https:\/\/tourinformrackeve.hu\/de\/index.php?rest_route=\/wp\/v2\/types\/page"}],"author":[{"embeddable":true,"href":"https:\/\/tourinformrackeve.hu\/de\/index.php?rest_route=\/wp\/v2\/users\/1"}],"replies":[{"embeddable":true,"href":"https:\/\/tourinformrackeve.hu\/de\/index.php?rest_route=%2Fwp%2Fv2%2Fcomments&post=1518"}],"version-history":[{"count":13,"href":"https:\/\/tourinformrackeve.hu\/de\/index.php?rest_route=\/wp\/v2\/pages\/1518\/revisions"}],"predecessor-version":[{"id":1977,"href":"https:\/\/tourinformrackeve.hu\/de\/index.php?rest_route=\/wp\/v2\/pages\/1518\/revisions\/1977"}],"wp:attachment":[{"href":"https:\/\/tourinformrackeve.hu\/de\/index.php?rest_route=%2Fwp%2Fv2%2Fmedia&parent=1518"}],"curies":[{"name":"wp","href":"https:\/\/api.w.org\/{rel}","templated":true}]}}

Sehenswürdigkeiten-Alsónémedi

<p>[vc_row][vc_column][vc_empty_space][/vc_column][/vc_row][vc_row][vc_column][vc_custom_heading text=&#8221;Sehenswürdigkeiten&#8221; font_container=&#8221;tag:h3|text_align:left&#8221;][/vc_column][/vc_row][vc_row][vc_column][vc_column_text]</p>
<p style="text-align: center;"><a href="https://tourinformrackeve.hu/de/?page_id=1518">Alsónémedi</a> – <a href="https://tourinformrackeve.hu/de/?page_id=1520">Apaj </a>– <a href="https://tourinformrackeve.hu/de/?page_id=1526">Áporka </a>– <a href="https://tourinformrackeve.hu/de/?page_id=1529">Bugyi</a> – <a href="https://tourinformrackeve.hu/de/?page_id=1533">Délegyháza </a>– <a href="https://tourinformrackeve.hu/de/?page_id=1535">Dömsöd </a>– <a href="https://tourinformrackeve.hu/de/?page_id=1537">Dunaharaszti </a>– <a href="https://tourinformrackeve.hu/de/?page_id=1540">Dunavarsány </a>– <a href="https://tourinformrackeve.hu/de/?page_id=1542">Halásztelek</a><br />
<a href="https://tourinformrackeve.hu/de/?page_id=1544">Kiskunlacháza </a>– <a href="https://tourinformrackeve.hu/de/?page_id=1547">Kulcs </a>– <a href="https://tourinformrackeve.hu/de/?page_id=1549">Lórév</a> – <a href="https://tourinformrackeve.hu/de/?page_id=1552">Majosháza</a> – <a href="https://tourinformrackeve.hu/de/?page_id=1554">Makád</a> – <a href="https://tourinformrackeve.hu/de/?page_id=1556">Rácalmás</a> – <a href="https://tourinformrackeve.hu/de/?page_id=1558">Ráckeve</a> – <a href="https://tourinformrackeve.hu/de/?page_id=1560">Szigetbecse</a> – <a href="https://tourinformrackeve.hu/de/?page_id=1563">Szigetcsép</a><br />
<a href="https://tourinformrackeve.hu/de/?page_id=1565">Szigethalom</a> – <a href="https://tourinformrackeve.hu/de/?page_id=1567">Szigetszentmárton</a> – <a href="https://tourinformrackeve.hu/de/?page_id=1569">Szigetszentmiklós</a> – <a href="https://tourinformrackeve.hu/de/?page_id=1571">Szigetújfalu</a> – <a href="https://tourinformrackeve.hu/de/?page_id=1573">Taksony</a> – <a href="https://tourinformrackeve.hu/de/?page_id=1575">Tököl</a></p>
<p>[/vc_column_text][/vc_column][/vc_row][vc_row][vc_column][vc_empty_space height=&#8221;62px&#8221;][/vc_column][/vc_row][vc_row][vc_column][vc_column_text]</p>
<h3><span style="color: #d0103a;">Dorfhaus Alsónémedi:</span></h3>
<p><span class="Y2IQFc" lang="de">Das Dorfhaus Alsónémedi wurde 1995/96 zu Ehren des tausendjährigen Bestehens der Besatzung erbaut. Die Einrichtung und das ethnografische Material des Dorfhauses wurden von der Dorfbevölkerung gesammelt; Die ersten Sammlungen wurden von den Kindern unter Anleitung der Lehrer der Széchenyi-István-Grundschule durchgeführt. Die Sammlung wächst, erweitert und verschönert bis heute, dank der Pflege der Tradition und des Respekts der Bewohner für die Vergangenheit.</span></p>
<p><span class="Y2IQFc" lang="de">Das Dorfhaus ist ein Ausstellungsraum für die ethnografische Sammlung des Dorfes Alsónémedi und beherbergt außerdem verschiedene Programme, Vorträge, Filmvorführungen und Kunstworkshops.</span></p>
<p><span class="Y2IQFc" lang="de">Öffnungszeiten des Gemeindehauses: sonntags von 15 bis 18 Uhr.</span></p>
<p><span class="Y2IQFc" lang="de">Für Besucher stehen wir nach vorheriger Absprache auch zu anderen Zeiten zur Verfügung.</span></p>
<p><span class="Y2IQFc" lang="de">Weitere Informationen, Bilder und Programme finden Sie auf der Website der Gemeinde Alsónémed.</span></p>
<p><span class="Y2IQFc" lang="de">Unsere Kontaktdaten: Kontakt: Ilona Jobbágy, Károly-Halászy-Kulturhaus Alsónémedi, Dózsa György tér 2.</span></p>
<p><span class="Y2IQFc" lang="de">Adresse: Faluház, 2351. Alsónémedi, Iskola u. 1/b. </span></p>
<p><span class="Y2IQFc" lang="de">E-Mail: nemedi.faluhaz@gmail.com</span></p>
<p><span class="Y2IQFc" lang="de">Telefon: 70-771-2692</span></p>
<p><span class="Y2IQFc" lang="de">Römisch-katholische Kirche zur Erhöhung des Heiligen Kreuzes (Barockstil) Reformierte Kirche (Barock)</span>[/vc_column_text][/vc_column][/vc_row]</p>

<p>[vc_row][vc_column][vc_empty_space][/vc_column][/vc_row][vc_row][vc_column][vc_custom_heading text=&#8221;Sehenswürdigkeiten&#8221; font_container=&#8221;tag:h3|text_align:left&#8221;][/vc_column][/vc_row][vc_row][vc_column][vc_column_text] Alsónémedi – Apaj – Áporka – Bugyi – Délegyháza – Dömsöd – Dunaharaszti – Dunavarsány – Halásztelek Kiskunlacháza – Kulcs – Lórév – Majosháza – Makád – Rácalmás – Ráckeve – Szigetbecse – Szigetcsép Szigethalom – Szigetszentmárton – Szigetszentmiklós – Szigetújfalu – Taksony – Tököl [/vc_column_text][/vc_column][/vc_row][vc_row][vc_column][vc_empty_space height=&#8221;62px&#8221;][/vc_column][/vc_row][vc_row][vc_column][vc_column_text] Dorfhaus Alsónémedi: Das Dorfhaus Alsónémedi wurde 1995/96 zu Ehren des tausendjährigen Bestehens der Besatzung erbaut. Die Einrichtung und das ethnografische Material des Dorfhauses wurden von der Dorfbevölkerung gesammelt; Die ersten Sammlungen wurden von den Kindern unter Anleitung der Lehrer der Széchenyi-István-Grundschule durchgeführt. Die Sammlung wächst, erweitert und</p>
<a href="https://tourinformrackeve.hu/de/?page_id=1518" class="sohohotel-more-link">Read More<i class="fa fa-angle-right"></i></a>
