{"id":1547,"date":"2021-03-22T13:10:20","date_gmt":"2021-03-22T13:10:20","guid":{"rendered":"https:\/\/tourinformrackeve.hu\/?page_id=1547"},"modified":"2023-06-14T09:51:47","modified_gmt":"2023-06-14T09:51:47","slug":"latnivalok-kulcs","status":"publish","type":"page","link":"https:\/\/tourinformrackeve.hu\/de\/?page_id=1547","title":{"rendered":"Sehensw\u00fcrdigkeiten-Kulcs"},"content":{"rendered":"<p>[vc_row][vc_column][vc_empty_space][\/vc_column][\/vc_row][vc_row][vc_column][vc_custom_heading text=&#8221;Sehensw\u00fcrdigkeiten&#8221; font_container=&#8221;tag:h3|text_align:left&#8221;][\/vc_column][\/vc_row][vc_row][vc_column][vc_column_text]<\/p>\n<p style=\"text-align: center;\"><a href=\"https:\/\/tourinformrackeve.hu\/de\/?page_id=1518\">Als\u00f3n\u00e9medi<\/a>\u00a0\u2013\u00a0<a href=\"https:\/\/tourinformrackeve.hu\/de\/?page_id=1520\">Apaj\u00a0<\/a>\u2013\u00a0<a href=\"https:\/\/tourinformrackeve.hu\/de\/?page_id=1526\">\u00c1porka\u00a0<\/a>\u2013\u00a0<a href=\"https:\/\/tourinformrackeve.hu\/de\/?page_id=1529\">Bugyi<\/a>\u00a0\u2013\u00a0<a href=\"https:\/\/tourinformrackeve.hu\/de\/?page_id=1533\">D\u00e9legyh\u00e1za\u00a0<\/a>\u2013\u00a0<a href=\"https:\/\/tourinformrackeve.hu\/de\/?page_id=1535\">D\u00f6ms\u00f6d\u00a0<\/a>\u2013\u00a0<a href=\"https:\/\/tourinformrackeve.hu\/de\/?page_id=1537\">Dunaharaszti\u00a0<\/a>\u2013\u00a0<a href=\"https:\/\/tourinformrackeve.hu\/de\/?page_id=1540\">Dunavars\u00e1ny\u00a0<\/a>\u2013\u00a0<a href=\"https:\/\/tourinformrackeve.hu\/de\/?page_id=1542\">Hal\u00e1sztelek<\/a><br \/>\n<a href=\"https:\/\/tourinformrackeve.hu\/de\/?page_id=1544\">Kiskunlach\u00e1za\u00a0<\/a>\u2013\u00a0<a href=\"https:\/\/tourinformrackeve.hu\/de\/?page_id=1547\">Kulcs\u00a0<\/a>\u2013\u00a0<a href=\"https:\/\/tourinformrackeve.hu\/de\/?page_id=1549\">L\u00f3r\u00e9v<\/a>\u00a0\u2013\u00a0<a href=\"https:\/\/tourinformrackeve.hu\/de\/?page_id=1552\">Majosh\u00e1za<\/a>\u00a0\u2013\u00a0<a href=\"https:\/\/tourinformrackeve.hu\/de\/?page_id=1554\">Mak\u00e1d<\/a>\u00a0\u2013\u00a0<a href=\"https:\/\/tourinformrackeve.hu\/de\/?page_id=1556\">R\u00e1calm\u00e1s<\/a>\u00a0\u2013\u00a0<a href=\"https:\/\/tourinformrackeve.hu\/de\/?page_id=1558\">R\u00e1ckeve<\/a>\u00a0\u2013\u00a0<a href=\"https:\/\/tourinformrackeve.hu\/de\/?page_id=1560\">Szigetbecse<\/a>\u00a0\u2013\u00a0<a href=\"https:\/\/tourinformrackeve.hu\/de\/?page_id=1563\">Szigetcs\u00e9p<\/a><br \/>\n<a href=\"https:\/\/tourinformrackeve.hu\/de\/?page_id=1565\">Szigethalom<\/a>\u00a0\u2013\u00a0<a href=\"https:\/\/tourinformrackeve.hu\/de\/?page_id=1567\">Szigetszentm\u00e1rton<\/a>\u00a0\u2013\u00a0<a href=\"https:\/\/tourinformrackeve.hu\/de\/?page_id=1569\">Szigetszentmikl\u00f3s<\/a>\u00a0\u2013\u00a0<a href=\"https:\/\/tourinformrackeve.hu\/de\/?page_id=1571\">Sziget\u00fajfalu<\/a>\u00a0\u2013\u00a0<a href=\"https:\/\/tourinformrackeve.hu\/de\/?page_id=1573\">Taksony<\/a>\u00a0\u2013\u00a0<a href=\"https:\/\/tourinformrackeve.hu\/de\/?page_id=1575\">T\u00f6k\u00f6l<\/a><\/p>\n<p>[\/vc_column_text][\/vc_column][\/vc_row][vc_row][vc_column][vc_empty_space height=&#8221;62px&#8221;][\/vc_column][\/vc_row][vc_row][vc_column width=&#8221;2\/3&#8243;][vc_column_text]<\/p>\n<h3><span style=\"color: #d0103a;\">Kulcs<\/span><\/h3>\n<p>[\/vc_column_text][\/vc_column][vc_column width=&#8221;1\/3&#8243;][\/vc_column][\/vc_row][vc_row][vc_column][vc_column_text]<span class=\"Y2IQFc\" lang=\"de\"><strong>Keller in Kulcs\/Hegyi otthon Keller:<\/strong> (De\u00e1k Ferenc utca 56\/2 Hrsz:3133\/1) In der De\u00e1k Ferenc Stra\u00dfe finden Sie einen weiteren Keller mit traditionellem Charakter. Der Hauptr\u00fccken des Geb\u00e4udes verl\u00e4uft parallel zur Stra\u00dfenlinie und die Veranda \u00f6ffnet sich direkt zur Stra\u00dfe. Die Fassade ist wei\u00df get\u00fcncht und \u00fcber den Fenstern sind Verzierungen mit Weinrebenmuster zu sehen.<\/span><\/p>\n<p><span class=\"Y2IQFc\" lang=\"de\"><strong>H\u00e4user mit Dachstoch in der De\u00e1k-Ferenc-Stra\u00dfe:<\/strong> Wenn wir an der Grenze zwischen dem Ferienort am Donauufer und \u00d3falu entlanggehen, k\u00f6nnen wir in der De\u00e1k-Ferenc-Stra\u00dfe auf h\u00fcbsche kleine Geb\u00e4ude mit Dachstoch sto\u00dfen. Die wei\u00df get\u00fcnchten H\u00e4user haben Arkadenveranden und ihre Fenster sind traditionell aus Holz.<\/span><\/p>\n<p><span class=\"Y2IQFc\" lang=\"de\"><strong>H\u00e4user mit Veranda:<\/strong> Bei einem Besuch in \u00d3falu k\u00f6nnen Sie mehrere Wohngeb\u00e4ude sehen, die noch Spuren des traditionellen Charakters der Siedlung aufweisen. Diese an der Seitengrenze stehenden Wohnh\u00e4user mit Vorbauten sind einteilig und verf\u00fcgen \u00fcber Satteld\u00e4cher. Der R\u00fcckgrat des Geb\u00e4udes ist senkrecht zur Stra\u00dfenlinie ausgerichtet. Die Hauptfassade hat normalerweise ein quadratisches Fenster, zwei Dachboden\u00f6ffnungen und eine Sargt\u00fcr oder eine halbkreisf\u00f6rmige T\u00fcr\u00f6ffnung.<\/span><\/p>\n<p><span class=\"Y2IQFc\" lang=\"de\"><strong>Katholische Kapelle in Kulcs\/Katholische Herz-Jesu-Kapelle:<\/strong> (Kossuth Lajos utca 73.) Die 1935 zu Ehren des Heiligen Herzens Jesu geweihte katholische Kapelle befindet sich neben der Grundschule des Dorfes. Vor der einschiffigen und eint\u00fcrmigen Kapelle erwartet die Gl\u00e4ubigen ein Portikus mit zwei S\u00e4ulen. Der Turm, der sich nur durch seine Verzierung von der Hauptfassade abhebt, verf\u00fcgt \u00fcber durchbrochene halbrunde Glockenfenster und ein einfaches Satteldach.<\/span><\/p>\n<p><span class=\"Y2IQFc\" lang=\"de\">Hier wurde die erste ungarische Windkraftwerk gebaut: der Windkraftwerk in Kulcs.<\/span><\/p>\n<p><span class=\"Y2IQFc\" lang=\"de\"><strong>B\u00e9k\u00e1s-See:<\/strong> Er liegt zwischen R\u00e1calm\u00e1s und Kulcs.<\/span><\/p>\n<p><span class=\"Y2IQFc\" lang=\"de\"><strong>Dorfhaus<\/strong> <\/span><\/p>\n<p><span class=\"Y2IQFc\" lang=\"de\">Andrea Heged\u0171s ist Kulturveranstalterin Telefon: 25\/251-129; 70\/639-0168<\/span><\/p>\n<p><span class=\"Y2IQFc\" lang=\"de\"><strong>Kulcsi Go-Kart-Bahn<\/strong> 2458 Kulcs, Kulcs Hauptstra\u00dfe 6, bei km 60 Telefon: 30\/436-6444 Facebook: Kulcsi-Gokartbahn https:\/\/www.facebook.com\/kulcsigokartpalya\/ www.kulcsigokart.hu<\/span>[\/vc_column_text][\/vc_column][\/vc_row]<\/p>\n","protected":false},"excerpt":{"rendered":"<p>[vc_row][vc_column][vc_empty_space][\/vc_column][\/vc_row][vc_row][vc_column][vc_custom_heading text=&#8221;Sehensw\u00fcrdigkeiten&#8221; font_container=&#8221;tag:h3|text_align:left&#8221;][\/vc_column][\/vc_row][vc_row][vc_column][vc_column_text] Als\u00f3n\u00e9medi\u00a0\u2013\u00a0Apaj\u00a0\u2013\u00a0\u00c1porka\u00a0\u2013\u00a0Bugyi\u00a0\u2013\u00a0D\u00e9legyh\u00e1za\u00a0\u2013\u00a0D\u00f6ms\u00f6d\u00a0\u2013\u00a0Dunaharaszti\u00a0\u2013\u00a0Dunavars\u00e1ny\u00a0\u2013\u00a0Hal\u00e1sztelek Kiskunlach\u00e1za\u00a0\u2013\u00a0Kulcs\u00a0\u2013\u00a0L\u00f3r\u00e9v\u00a0\u2013\u00a0Majosh\u00e1za\u00a0\u2013\u00a0Mak\u00e1d\u00a0\u2013\u00a0R\u00e1calm\u00e1s\u00a0\u2013\u00a0R\u00e1ckeve\u00a0\u2013\u00a0Szigetbecse\u00a0\u2013\u00a0Szigetcs\u00e9p Szigethalom\u00a0\u2013\u00a0Szigetszentm\u00e1rton\u00a0\u2013\u00a0Szigetszentmikl\u00f3s\u00a0\u2013\u00a0Sziget\u00fajfalu\u00a0\u2013\u00a0Taksony\u00a0\u2013\u00a0T\u00f6k\u00f6l [\/vc_column_text][\/vc_column][\/vc_row][vc_row][vc_column][vc_empty_space height=&#8221;62px&#8221;][\/vc_column][\/vc_row][vc_row][vc_column width=&#8221;2\/3&#8243;][vc_column_text] Kulcs [\/vc_column_text][\/vc_column][vc_column width=&#8221;1\/3&#8243;][\/vc_column][\/vc_row][vc_row][vc_column][vc_column_text]Keller in Kulcs\/Hegyi otthon Keller: (De\u00e1k Ferenc utca 56\/2 Hrsz:3133\/1) In der De\u00e1k Ferenc Stra\u00dfe finden Sie einen weiteren Keller mit traditionellem Charakter. Der Hauptr\u00fccken des Geb\u00e4udes verl\u00e4uft parallel zur Stra\u00dfenlinie und die Veranda \u00f6ffnet sich direkt zur Stra\u00dfe. Die Fassade ist wei\u00df get\u00fcncht<\/p>\n<a href=\"https:\/\/tourinformrackeve.hu\/de\/?page_id=1547\" class=\"sohohotel-more-link\">Read More<i class=\"fa fa-angle-right\"><\/i><\/a>","protected":false},"author":1,"featured_media":0,"parent":0,"menu_order":0,"comment_status":"closed","ping_status":"closed","template":"","meta":[],"_links":{"self":[{"href":"https:\/\/tourinformrackeve.hu\/de\/index.php?rest_route=\/wp\/v2\/pages\/1547"}],"collection":[{"href":"https:\/\/tourinformrackeve.hu\/de\/index.php?rest_route=\/wp\/v2\/pages"}],"about":[{"href":"https:\/\/tourinformrackeve.hu\/de\/index.php?rest_route=\/wp\/v2\/types\/page"}],"author":[{"embeddable":true,"href":"https:\/\/tourinformrackeve.hu\/de\/index.php?rest_route=\/wp\/v2\/users\/1"}],"replies":[{"embeddable":true,"href":"https:\/\/tourinformrackeve.hu\/de\/index.php?rest_route=%2Fwp%2Fv2%2Fcomments&post=1547"}],"version-history":[{"count":5,"href":"https:\/\/tourinformrackeve.hu\/de\/index.php?rest_route=\/wp\/v2\/pages\/1547\/revisions"}],"predecessor-version":[{"id":1980,"href":"https:\/\/tourinformrackeve.hu\/de\/index.php?rest_route=\/wp\/v2\/pages\/1547\/revisions\/1980"}],"wp:attachment":[{"href":"https:\/\/tourinformrackeve.hu\/de\/index.php?rest_route=%2Fwp%2Fv2%2Fmedia&parent=1547"}],"curies":[{"name":"wp","href":"https:\/\/api.w.org\/{rel}","templated":true}]}}

Sehenswürdigkeiten-Kulcs

<p>[vc_row][vc_column][vc_empty_space][/vc_column][/vc_row][vc_row][vc_column][vc_custom_heading text=&#8221;Sehenswürdigkeiten&#8221; font_container=&#8221;tag:h3|text_align:left&#8221;][/vc_column][/vc_row][vc_row][vc_column][vc_column_text]</p>
<p style="text-align: center;"><a href="https://tourinformrackeve.hu/de/?page_id=1518">Alsónémedi</a> – <a href="https://tourinformrackeve.hu/de/?page_id=1520">Apaj </a>– <a href="https://tourinformrackeve.hu/de/?page_id=1526">Áporka </a>– <a href="https://tourinformrackeve.hu/de/?page_id=1529">Bugyi</a> – <a href="https://tourinformrackeve.hu/de/?page_id=1533">Délegyháza </a>– <a href="https://tourinformrackeve.hu/de/?page_id=1535">Dömsöd </a>– <a href="https://tourinformrackeve.hu/de/?page_id=1537">Dunaharaszti </a>– <a href="https://tourinformrackeve.hu/de/?page_id=1540">Dunavarsány </a>– <a href="https://tourinformrackeve.hu/de/?page_id=1542">Halásztelek</a><br />
<a href="https://tourinformrackeve.hu/de/?page_id=1544">Kiskunlacháza </a>– <a href="https://tourinformrackeve.hu/de/?page_id=1547">Kulcs </a>– <a href="https://tourinformrackeve.hu/de/?page_id=1549">Lórév</a> – <a href="https://tourinformrackeve.hu/de/?page_id=1552">Majosháza</a> – <a href="https://tourinformrackeve.hu/de/?page_id=1554">Makád</a> – <a href="https://tourinformrackeve.hu/de/?page_id=1556">Rácalmás</a> – <a href="https://tourinformrackeve.hu/de/?page_id=1558">Ráckeve</a> – <a href="https://tourinformrackeve.hu/de/?page_id=1560">Szigetbecse</a> – <a href="https://tourinformrackeve.hu/de/?page_id=1563">Szigetcsép</a><br />
<a href="https://tourinformrackeve.hu/de/?page_id=1565">Szigethalom</a> – <a href="https://tourinformrackeve.hu/de/?page_id=1567">Szigetszentmárton</a> – <a href="https://tourinformrackeve.hu/de/?page_id=1569">Szigetszentmiklós</a> – <a href="https://tourinformrackeve.hu/de/?page_id=1571">Szigetújfalu</a> – <a href="https://tourinformrackeve.hu/de/?page_id=1573">Taksony</a> – <a href="https://tourinformrackeve.hu/de/?page_id=1575">Tököl</a></p>
<p>[/vc_column_text][/vc_column][/vc_row][vc_row][vc_column][vc_empty_space height=&#8221;62px&#8221;][/vc_column][/vc_row][vc_row][vc_column width=&#8221;2/3&#8243;][vc_column_text]</p>
<h3><span style="color: #d0103a;">Kulcs</span></h3>
<p>[/vc_column_text][/vc_column][vc_column width=&#8221;1/3&#8243;][/vc_column][/vc_row][vc_row][vc_column][vc_column_text]<span class="Y2IQFc" lang="de"><strong>Keller in Kulcs/Hegyi otthon Keller:</strong> (Deák Ferenc utca 56/2 Hrsz:3133/1) In der Deák Ferenc Straße finden Sie einen weiteren Keller mit traditionellem Charakter. Der Hauptrücken des Gebäudes verläuft parallel zur Straßenlinie und die Veranda öffnet sich direkt zur Straße. Die Fassade ist weiß getüncht und über den Fenstern sind Verzierungen mit Weinrebenmuster zu sehen.</span></p>
<p><span class="Y2IQFc" lang="de"><strong>Häuser mit Dachstoch in der Deák-Ferenc-Straße:</strong> Wenn wir an der Grenze zwischen dem Ferienort am Donauufer und Ófalu entlanggehen, können wir in der Deák-Ferenc-Straße auf hübsche kleine Gebäude mit Dachstoch stoßen. Die weiß getünchten Häuser haben Arkadenveranden und ihre Fenster sind traditionell aus Holz.</span></p>
<p><span class="Y2IQFc" lang="de"><strong>Häuser mit Veranda:</strong> Bei einem Besuch in Ófalu können Sie mehrere Wohngebäude sehen, die noch Spuren des traditionellen Charakters der Siedlung aufweisen. Diese an der Seitengrenze stehenden Wohnhäuser mit Vorbauten sind einteilig und verfügen über Satteldächer. Der Rückgrat des Gebäudes ist senkrecht zur Straßenlinie ausgerichtet. Die Hauptfassade hat normalerweise ein quadratisches Fenster, zwei Dachbodenöffnungen und eine Sargtür oder eine halbkreisförmige Türöffnung.</span></p>
<p><span class="Y2IQFc" lang="de"><strong>Katholische Kapelle in Kulcs/Katholische Herz-Jesu-Kapelle:</strong> (Kossuth Lajos utca 73.) Die 1935 zu Ehren des Heiligen Herzens Jesu geweihte katholische Kapelle befindet sich neben der Grundschule des Dorfes. Vor der einschiffigen und eintürmigen Kapelle erwartet die Gläubigen ein Portikus mit zwei Säulen. Der Turm, der sich nur durch seine Verzierung von der Hauptfassade abhebt, verfügt über durchbrochene halbrunde Glockenfenster und ein einfaches Satteldach.</span></p>
<p><span class="Y2IQFc" lang="de">Hier wurde die erste ungarische Windkraftwerk gebaut: der Windkraftwerk in Kulcs.</span></p>
<p><span class="Y2IQFc" lang="de"><strong>Békás-See:</strong> Er liegt zwischen Rácalmás und Kulcs.</span></p>
<p><span class="Y2IQFc" lang="de"><strong>Dorfhaus</strong> </span></p>
<p><span class="Y2IQFc" lang="de">Andrea Hegedűs ist Kulturveranstalterin Telefon: 25/251-129; 70/639-0168</span></p>
<p><span class="Y2IQFc" lang="de"><strong>Kulcsi Go-Kart-Bahn</strong> 2458 Kulcs, Kulcs Hauptstraße 6, bei km 60 Telefon: 30/436-6444 Facebook: Kulcsi-Gokartbahn https://www.facebook.com/kulcsigokartpalya/ www.kulcsigokart.hu</span>[/vc_column_text][/vc_column][/vc_row]</p>

<p>[vc_row][vc_column][vc_empty_space][/vc_column][/vc_row][vc_row][vc_column][vc_custom_heading text=&#8221;Sehenswürdigkeiten&#8221; font_container=&#8221;tag:h3|text_align:left&#8221;][/vc_column][/vc_row][vc_row][vc_column][vc_column_text] Alsónémedi – Apaj – Áporka – Bugyi – Délegyháza – Dömsöd – Dunaharaszti – Dunavarsány – Halásztelek Kiskunlacháza – Kulcs – Lórév – Majosháza – Makád – Rácalmás – Ráckeve – Szigetbecse – Szigetcsép Szigethalom – Szigetszentmárton – Szigetszentmiklós – Szigetújfalu – Taksony – Tököl [/vc_column_text][/vc_column][/vc_row][vc_row][vc_column][vc_empty_space height=&#8221;62px&#8221;][/vc_column][/vc_row][vc_row][vc_column width=&#8221;2/3&#8243;][vc_column_text] Kulcs [/vc_column_text][/vc_column][vc_column width=&#8221;1/3&#8243;][/vc_column][/vc_row][vc_row][vc_column][vc_column_text]Keller in Kulcs/Hegyi otthon Keller: (Deák Ferenc utca 56/2 Hrsz:3133/1) In der Deák Ferenc Straße finden Sie einen weiteren Keller mit traditionellem Charakter. Der Hauptrücken des Gebäudes verläuft parallel zur Straßenlinie und die Veranda öffnet sich direkt zur Straße. Die Fassade ist weiß getüncht</p>
<a href="https://tourinformrackeve.hu/de/?page_id=1547" class="sohohotel-more-link">Read More<i class="fa fa-angle-right"></i></a>
