{"id":992,"date":"2021-02-11T19:05:02","date_gmt":"2021-02-11T19:05:02","guid":{"rendered":"http:\/\/syss.hu\/?page_id=992"},"modified":"2021-04-09T07:46:25","modified_gmt":"2021-04-09T07:46:25","slug":"kisterseg","status":"publish","type":"page","link":"https:\/\/tourinformrackeve.hu\/de\/?page_id=992","title":{"rendered":"Umgebung"},"content":{"rendered":"<p>[vc_row][vc_column][vc_empty_space][\/vc_column][\/vc_row][vc_row][vc_column][vc_custom_heading text=&#8221;Umgebung&#8221; font_container=&#8221;tag:h3|text_align:left&#8221;][\/vc_column][\/vc_row][vc_row][vc_column][\/vc_column][\/vc_row][vc_row][vc_column][vc_column_text]<\/p>\n<p style=\"text-align: center;\"><a href=\"https:\/\/tourinformrackeve.hu\/de\/?page_id=1430\">Als\u00f3n\u00e9medi<\/a>\u00a0\u2013\u00a0<a href=\"https:\/\/tourinformrackeve.hu\/de\/?page_id=1354\">Apaj\u00a0<\/a>\u2013\u00a0<a href=\"https:\/\/tourinformrackeve.hu\/de\/?page_id=1370\">\u00c1porka\u00a0<\/a>\u2013\u00a0<a href=\"https:\/\/tourinformrackeve.hu\/de\/?page_id=1431\">Bugyi<\/a>\u00a0\u2013\u00a0<a href=\"https:\/\/tourinformrackeve.hu\/de\/?page_id=1374\">D\u00e9legyh\u00e1za\u00a0<\/a>\u2013\u00a0<a href=\"https:\/\/tourinformrackeve.hu\/de\/?page_id=1377\">D\u00f6ms\u00f6d\u00a0<\/a>\u2013\u00a0<a href=\"https:\/\/tourinformrackeve.hu\/de\/?page_id=1381\">Dunaharaszti\u00a0<\/a>\u2013\u00a0<a href=\"https:\/\/tourinformrackeve.hu\/de\/?page_id=1384\">Dunavars\u00e1ny\u00a0<\/a>\u2013\u00a0<a href=\"https:\/\/tourinformrackeve.hu\/de\/?page_id=1387\">Hal\u00e1sztelek<\/a><br \/>\n<a href=\"https:\/\/tourinformrackeve.hu\/de\/?page_id=1390\">Kiskunlach\u00e1za\u00a0<\/a>\u2013\u00a0<a href=\"https:\/\/tourinformrackeve.hu\/de\/?page_id=1432\">Kulcs\u00a0<\/a>\u2013\u00a0<a href=\"https:\/\/tourinformrackeve.hu\/de\/?page_id=1393\">L\u00f3r\u00e9v<\/a>\u00a0\u2013\u00a0<a href=\"https:\/\/tourinformrackeve.hu\/de\/?page_id=1397\">Majosh\u00e1za<\/a>\u00a0\u2013\u00a0<a href=\"https:\/\/tourinformrackeve.hu\/de\/?page_id=1400\">Mak\u00e1d<\/a>\u00a0\u2013\u00a0<a href=\"https:\/\/tourinformrackeve.hu\/de\/?page_id=1433\">R\u00e1calm\u00e1s<\/a>\u00a0\u2013\u00a0<a href=\"https:\/\/tourinformrackeve.hu\/de\/?page_id=1403\">R\u00e1ckeve<\/a>\u00a0\u2013\u00a0<a href=\"https:\/\/tourinformrackeve.hu\/de\/?page_id=1406\">Szigetbecse<\/a>\u00a0\u2013\u00a0<a href=\"https:\/\/tourinformrackeve.hu\/de\/?page_id=1409\">Szigetcs\u00e9p<\/a><br \/>\n<a href=\"https:\/\/tourinformrackeve.hu\/de\/?page_id=1412\">Szigethalom<\/a>\u00a0\u2013\u00a0<a href=\"https:\/\/tourinformrackeve.hu\/de\/?page_id=1415\">Szigetszentm\u00e1rton<\/a>\u00a0\u2013\u00a0<a href=\"https:\/\/tourinformrackeve.hu\/de\/?page_id=1418\">Szigetszentmikl\u00f3s<\/a>\u00a0\u2013\u00a0<a href=\"https:\/\/tourinformrackeve.hu\/de\/?page_id=1421\">Sziget\u00fajfalu<\/a>\u00a0\u2013\u00a0<a href=\"https:\/\/tourinformrackeve.hu\/de\/?page_id=1424\">Taksony<\/a>\u00a0\u2013\u00a0<a href=\"https:\/\/tourinformrackeve.hu\/de\/?page_id=1427\">T\u00f6k\u00f6l<\/a><\/p>\n<p>[\/vc_column_text][\/vc_column][\/vc_row][vc_row][vc_column][vc_column_text]<\/p>\n<p align=\"justify\"><strong>Die Csepel-Insel und die Region des Donauzweigs von R\u00e1ckeve<\/strong><\/p>\n<p>&nbsp;<\/p>\n<p><u>Siedlungen<\/u><\/p>\n<p align=\"justify\">Die gro\u00dfe Insel, Magna Insula ist ein legend\u00e4rer Schauplatz der ungarischen Geschichte.<br \/>\nEinst formulierte die von den Bergen in die Tiefebene austretende Donau den Gesicht der Landschaft. Die aus den Anschwemmungen der Uhr-Donau gebildete Kegeln und die mit Sand und Kieselstein bedeckte, leicht wogene Landschaft bildete eine Tiefebene. Die \u00dcberflutung der Donau hat den hier lebenden V\u00f6lkern immer wieder gro\u00dfe Sorgen bereitet. Zahlreiche Siedlungen haben nach einer verheerenden \u00dcberflutung ihren Sitz ge\u00e4ndert. Im Gegensatz dazu haben die \u00dcberflutungen des Flusses am s\u00fcdlichen Teil der Insel eine fruchtbare, mit Schlamm bedeckte Landschaft herausgebildet. Mit der Regelung des Flusses hat man 1928 begonnen, als der Wasserbauingenieur, Jen\u0151 Kvassayeine Schleuse gebaut hatte. So hat es keine \u00dcberflutungen mehr gegeben und der Donauzweig von R\u00e1ckeve wurde ein ausgewogener, langsamer Fluss mit st\u00e4ndiger Tiefe. Der Fluss ist 47 km lang, seine Breite ist zwischen 3-10 km, das Wasser ist reich an Fisch und hervorragend zum Baden.<\/p>\n<p>[\/vc_column_text][\/vc_column][\/vc_row][vc_row][vc_column width=&#8221;5\/6&#8243;][vc_column_text]<\/p>\n<p align=\"justify\">Die Spuren der V\u00f6lker, die vor mehreren Tausend Jahren im Karpatenbecken lebten, sind auch hier aufzufinden. Arch\u00e4ologische Fundst\u00e4tte sind in Szigetszentmikl\u00f3s, Szigetszentm\u00e1rton, Dunaharaszti und T\u00f6k\u00f6l, wo einzigartige Grabfunde aufs Tageslicht gekommen sind und im Nationalmuseum und im Museum f\u00fcr Ortsgeschichte in Szigetszentmikl\u00f3s und R\u00e1ckeve besichtigt werden k\u00f6nnen. Auf der Insel sind arch\u00e4ologische Funde aus den \u00c1rp\u00e1d-Zeiten zu finden. In R\u00e1ckeve ist der \u00c1rp\u00e1d-Kultsehr gro\u00df, seinen Namen tr\u00e4gt die Br\u00fccke, sein Denkmal, ein Museum, ein Platz und eine M\u00fchle, die schon abgeschafft ist. Im Mittelalter wurde die orthodoxe Kirche der Jungfrau Maria in R\u00e1ckeve gebaut, die in Ungarn die einzige und in Europa die n\u00f6rdlichste gotische-orthodoxe Kirche ist.<\/p>\n<p>[\/vc_column_text][\/vc_column][vc_column width=&#8221;1\/6&#8243;][vc_single_image image=&#8221;1002&#8243; img_size=&#8221;medium&#8221;][\/vc_column][\/vc_row][vc_row][vc_column width=&#8221;2\/3&#8243;][vc_column_text]<\/p>\n<p style=\"text-align: justify;\">A Csepel-sziget \u00e9s a Kis-Duna mente kist\u00e9rs\u00e9g etnikai k\u00e9pe igen soksz\u00edn\u0171. A sziget els\u0151 szerb telepesei m\u00e9g a XII. sz\u00e1zadban, II. B\u00e9la kir\u00e1ly idej\u00e9n \u00e9rkeztek. Ezt k\u00f6vet\u0151en 1440-ben kapott kiv\u00e1lts\u00e1gok alapj\u00e1n telep\u00fcltek ide, k\u00e9s\u0151bb pedig a t\u00f6r\u00f6k\u00f6k el\u00f6l menek\u00fcl\u0151 szerbek tal\u00e1ltak itt otthonukra. Mai, legink\u00e1bb meg\u0151rz\u00f6tt, etnikai sziget\u00fck L\u00f3r\u00e9v. A n\u00e9met etnikum t\u00f6bb szigeti telep\u00fcl\u00e9sen \u0151rzi hagyom\u00e1nyait, \u00e9s az alf\u00f6ldi oldalon is \u00e9lnek nagy sz\u00e1mban n\u00e9met lesz\u00e1rmazottak. A m\u00e1ig meg\u0151rz\u00f6tt r\u00e9gi szok\u00e1sokat bemutat\u00f3, felid\u00e9z\u0151 \u00fcnnepnapok, nemzetk\u00f6zi n\u00e9pt\u00e1nc fesztiv\u00e1lok, falunapok l\u00e1tv\u00e1nyos, turistacsalogat\u00f3 esem\u00e9nyt jelentenek a t\u00e9rs\u00e9gben.<br \/>\nPest megye t\u00f6rt\u00e9nelm\u00e9nek legh\u0151sibb korszaka az 1848-49-es szabads\u00e1gharc id\u0151szaka. Ennek eml\u00e9keivel tal\u00e1lkozhatunk R\u00e1ckev\u00e9n (\u00c1cs K\u00e1roly), Sziget\u00fajfaluban (G\u00f6rgey), Pet\u0151fi eml\u00e9khelyekkel D\u00f6ms\u00f6d\u00f6n \u00e9s Kossuth kultusz\u00e1val \u00c1pork\u00e1n. R\u00e1ckeve \u00e9s t\u00e9rs\u00e9ge term\u00e9szeti \u00e9s ember alkotta turisztikai attrakci\u00f3val b\u0151ven rendelkezik. A ter\u00fclet legjelent\u0151sebb vonzereje a v\u00edz, hisz az \u00f6sszes telep\u00fcl\u00e9s a Duna partj\u00e1n, vagy k\u00f6zvetlen k\u00f6zel\u00e9ben tal\u00e1lhat\u00f3. A Duna, a R\u00e1ckevei-Soroks\u00e1ri Duna\u00e1g (r\u00f6viden: RSD ), a holt\u00e1gak \u00e9s b\u00e1nyatavak mind-mind olyan term\u00e9szeti vonzer\u0151k, melyek meghat\u00e1roz\u00f3ak a t\u00e9rs\u00e9g idegenforgalm\u00e1ban. A Duna f\u0151\u00e1ga, m\u00e1s n\u00e9ven a Nagy-Duna, b\u00e1r f\u00fcrd\u0151z\u00e9sre nem alkalmas az er\u0151s sodr\u00e1s miatt, horg\u00e1sz\u00e1sra, v\u00edzi sportok \u0171z\u00e9s\u00e9re azonban kit\u0171n\u0151 lehet\u0151s\u00e9geket ny\u00fajt. Mivel nem \u00e9p\u00fclt ki k\u00f6zvetlen\u00fcl a parton nyaral\u00f3\u00f6vezet, nincsenek st\u00e9gek \u00e9s \u00e9p\u00fcletek a v\u00edzparton, a t\u00e1j \u00edgy szinte teljesen \u00e9rintetlen k\u00e9pet mutat, ami egy haj\u00f3kir\u00e1ndul\u00e1s, vagy evez\u0151t\u00fara sor\u00e1n igaz\u00e1n leny\u0171g\u00f6z\u0151 l\u00e1tv\u00e1ny.<\/p>\n<p style=\"text-align: justify;\">[\/vc_column_text][\/vc_column][vc_column width=&#8221;1\/3&#8243;][vc_empty_space][vc_single_image image=&#8221;1003&#8243; img_size=&#8221;large&#8221; alignment=&#8221;center&#8221;][\/vc_column][\/vc_row][vc_row][vc_column][vc_column_text]<\/p>\n<p align=\"justify\">Das ethnische Bild der Bev\u00f6lkerung ist bunt: die ersten serbischen Einsiedler sind im 12. Jh., zur Zeit von B\u00e9la II. angekommen. Die Einsiedler im Jahre 1440 haben Vorrechte bekommen und sp\u00e4ter haben hier die vor den T\u00fcrken fliehenden Serben ein Zuhause gefunden. Heute leben die meisten Serben in L\u00f3r\u00e9v. Die deutschen Nationalit\u00e4ten leben auf mehreren Orten der Gegend. Ihre Br\u00e4uche sind an Festtagen, internationalen Tanzabenden und an Dorftagen zu sehen.<br \/>\nDie heldenhafteste Zeit des Komitats Pest ist der Freiheitskrieg von 1848-1849, mit dem Andenken von \u00c1cs K\u00e1roly in R\u00e1ckeve, G\u00f6rgey in Sziget\u00fajfalu, Pet\u0151fi in D\u00f6ms\u00f6d und Kossuth in \u00c1porka.<\/p>\n<p>[\/vc_column_text][\/vc_column][\/vc_row]<\/p>\n","protected":false},"excerpt":{"rendered":"<p>[vc_row][vc_column][vc_empty_space][\/vc_column][\/vc_row][vc_row][vc_column][vc_custom_heading text=&#8221;Umgebung&#8221; font_container=&#8221;tag:h3|text_align:left&#8221;][\/vc_column][\/vc_row][vc_row][vc_column][\/vc_column][\/vc_row][vc_row][vc_column][vc_column_text] Als\u00f3n\u00e9medi\u00a0\u2013\u00a0Apaj\u00a0\u2013\u00a0\u00c1porka\u00a0\u2013\u00a0Bugyi\u00a0\u2013\u00a0D\u00e9legyh\u00e1za\u00a0\u2013\u00a0D\u00f6ms\u00f6d\u00a0\u2013\u00a0Dunaharaszti\u00a0\u2013\u00a0Dunavars\u00e1ny\u00a0\u2013\u00a0Hal\u00e1sztelek Kiskunlach\u00e1za\u00a0\u2013\u00a0Kulcs\u00a0\u2013\u00a0L\u00f3r\u00e9v\u00a0\u2013\u00a0Majosh\u00e1za\u00a0\u2013\u00a0Mak\u00e1d\u00a0\u2013\u00a0R\u00e1calm\u00e1s\u00a0\u2013\u00a0R\u00e1ckeve\u00a0\u2013\u00a0Szigetbecse\u00a0\u2013\u00a0Szigetcs\u00e9p Szigethalom\u00a0\u2013\u00a0Szigetszentm\u00e1rton\u00a0\u2013\u00a0Szigetszentmikl\u00f3s\u00a0\u2013\u00a0Sziget\u00fajfalu\u00a0\u2013\u00a0Taksony\u00a0\u2013\u00a0T\u00f6k\u00f6l [\/vc_column_text][\/vc_column][\/vc_row][vc_row][vc_column][vc_column_text] Die Csepel-Insel und die Region des Donauzweigs von R\u00e1ckeve &nbsp; Siedlungen Die gro\u00dfe Insel, Magna Insula ist ein legend\u00e4rer Schauplatz der ungarischen Geschichte. Einst formulierte die von den Bergen in die Tiefebene austretende Donau den Gesicht der Landschaft. Die aus den Anschwemmungen der Uhr-Donau gebildete Kegeln und die<\/p>\n<a href=\"https:\/\/tourinformrackeve.hu\/de\/?page_id=992\" class=\"sohohotel-more-link\">Read More<i class=\"fa fa-angle-right\"><\/i><\/a>","protected":false},"author":1,"featured_media":0,"parent":0,"menu_order":0,"comment_status":"closed","ping_status":"closed","template":"","meta":[],"_links":{"self":[{"href":"https:\/\/tourinformrackeve.hu\/de\/index.php?rest_route=\/wp\/v2\/pages\/992"}],"collection":[{"href":"https:\/\/tourinformrackeve.hu\/de\/index.php?rest_route=\/wp\/v2\/pages"}],"about":[{"href":"https:\/\/tourinformrackeve.hu\/de\/index.php?rest_route=\/wp\/v2\/types\/page"}],"author":[{"embeddable":true,"href":"https:\/\/tourinformrackeve.hu\/de\/index.php?rest_route=\/wp\/v2\/users\/1"}],"replies":[{"embeddable":true,"href":"https:\/\/tourinformrackeve.hu\/de\/index.php?rest_route=%2Fwp%2Fv2%2Fcomments&post=992"}],"version-history":[{"count":10,"href":"https:\/\/tourinformrackeve.hu\/de\/index.php?rest_route=\/wp\/v2\/pages\/992\/revisions"}],"predecessor-version":[{"id":1799,"href":"https:\/\/tourinformrackeve.hu\/de\/index.php?rest_route=\/wp\/v2\/pages\/992\/revisions\/1799"}],"wp:attachment":[{"href":"https:\/\/tourinformrackeve.hu\/de\/index.php?rest_route=%2Fwp%2Fv2%2Fmedia&parent=992"}],"curies":[{"name":"wp","href":"https:\/\/api.w.org\/{rel}","templated":true}]}}

<p>[vc_row][vc_column][vc_empty_space][/vc_column][/vc_row][vc_row][vc_column][vc_custom_heading text=&#8221;Umgebung&#8221; font_container=&#8221;tag:h3|text_align:left&#8221;][/vc_column][/vc_row][vc_row][vc_column][/vc_column][/vc_row][vc_row][vc_column][vc_column_text]</p>
<p style="text-align: center;"><a href="https://tourinformrackeve.hu/de/?page_id=1430">Alsónémedi</a> – <a href="https://tourinformrackeve.hu/de/?page_id=1354">Apaj </a>– <a href="https://tourinformrackeve.hu/de/?page_id=1370">Áporka </a>– <a href="https://tourinformrackeve.hu/de/?page_id=1431">Bugyi</a> – <a href="https://tourinformrackeve.hu/de/?page_id=1374">Délegyháza </a>– <a href="https://tourinformrackeve.hu/de/?page_id=1377">Dömsöd </a>– <a href="https://tourinformrackeve.hu/de/?page_id=1381">Dunaharaszti </a>– <a href="https://tourinformrackeve.hu/de/?page_id=1384">Dunavarsány </a>– <a href="https://tourinformrackeve.hu/de/?page_id=1387">Halásztelek</a><br />
<a href="https://tourinformrackeve.hu/de/?page_id=1390">Kiskunlacháza </a>– <a href="https://tourinformrackeve.hu/de/?page_id=1432">Kulcs </a>– <a href="https://tourinformrackeve.hu/de/?page_id=1393">Lórév</a> – <a href="https://tourinformrackeve.hu/de/?page_id=1397">Majosháza</a> – <a href="https://tourinformrackeve.hu/de/?page_id=1400">Makád</a> – <a href="https://tourinformrackeve.hu/de/?page_id=1433">Rácalmás</a> – <a href="https://tourinformrackeve.hu/de/?page_id=1403">Ráckeve</a> – <a href="https://tourinformrackeve.hu/de/?page_id=1406">Szigetbecse</a> – <a href="https://tourinformrackeve.hu/de/?page_id=1409">Szigetcsép</a><br />
<a href="https://tourinformrackeve.hu/de/?page_id=1412">Szigethalom</a> – <a href="https://tourinformrackeve.hu/de/?page_id=1415">Szigetszentmárton</a> – <a href="https://tourinformrackeve.hu/de/?page_id=1418">Szigetszentmiklós</a> – <a href="https://tourinformrackeve.hu/de/?page_id=1421">Szigetújfalu</a> – <a href="https://tourinformrackeve.hu/de/?page_id=1424">Taksony</a> – <a href="https://tourinformrackeve.hu/de/?page_id=1427">Tököl</a></p>
<p>[/vc_column_text][/vc_column][/vc_row][vc_row][vc_column][vc_column_text]</p>
<p align="justify"><strong>Die Csepel-Insel und die Region des Donauzweigs von Ráckeve</strong></p>
<p>&nbsp;</p>
<p><u>Siedlungen</u></p>
<p align="justify">Die große Insel, Magna Insula ist ein legendärer Schauplatz der ungarischen Geschichte.<br />
Einst formulierte die von den Bergen in die Tiefebene austretende Donau den Gesicht der Landschaft. Die aus den Anschwemmungen der Uhr-Donau gebildete Kegeln und die mit Sand und Kieselstein bedeckte, leicht wogene Landschaft bildete eine Tiefebene. Die Überflutung der Donau hat den hier lebenden Völkern immer wieder große Sorgen bereitet. Zahlreiche Siedlungen haben nach einer verheerenden Überflutung ihren Sitz geändert. Im Gegensatz dazu haben die Überflutungen des Flusses am südlichen Teil der Insel eine fruchtbare, mit Schlamm bedeckte Landschaft herausgebildet. Mit der Regelung des Flusses hat man 1928 begonnen, als der Wasserbauingenieur, Jenő Kvassayeine Schleuse gebaut hatte. So hat es keine Überflutungen mehr gegeben und der Donauzweig von Ráckeve wurde ein ausgewogener, langsamer Fluss mit ständiger Tiefe. Der Fluss ist 47 km lang, seine Breite ist zwischen 3-10 km, das Wasser ist reich an Fisch und hervorragend zum Baden.</p>
<p>[/vc_column_text][/vc_column][/vc_row][vc_row][vc_column width=&#8221;5/6&#8243;][vc_column_text]</p>
<p align="justify">Die Spuren der Völker, die vor mehreren Tausend Jahren im Karpatenbecken lebten, sind auch hier aufzufinden. Archäologische Fundstätte sind in Szigetszentmiklós, Szigetszentmárton, Dunaharaszti und Tököl, wo einzigartige Grabfunde aufs Tageslicht gekommen sind und im Nationalmuseum und im Museum für Ortsgeschichte in Szigetszentmiklós und Ráckeve besichtigt werden können. Auf der Insel sind archäologische Funde aus den Árpád-Zeiten zu finden. In Ráckeve ist der Árpád-Kultsehr groß, seinen Namen trägt die Brücke, sein Denkmal, ein Museum, ein Platz und eine Mühle, die schon abgeschafft ist. Im Mittelalter wurde die orthodoxe Kirche der Jungfrau Maria in Ráckeve gebaut, die in Ungarn die einzige und in Europa die nördlichste gotische-orthodoxe Kirche ist.</p>
<p>[/vc_column_text][/vc_column][vc_column width=&#8221;1/6&#8243;][vc_single_image image=&#8221;1002&#8243; img_size=&#8221;medium&#8221;][/vc_column][/vc_row][vc_row][vc_column width=&#8221;2/3&#8243;][vc_column_text]</p>
<p style="text-align: justify;">A Csepel-sziget és a Kis-Duna mente kistérség etnikai képe igen sokszínű. A sziget első szerb telepesei még a XII. században, II. Béla király idején érkeztek. Ezt követően 1440-ben kapott kiváltságok alapján települtek ide, később pedig a törökök elöl menekülő szerbek találtak itt otthonukra. Mai, leginkább megőrzött, etnikai szigetük Lórév. A német etnikum több szigeti településen őrzi hagyományait, és az alföldi oldalon is élnek nagy számban német leszármazottak. A máig megőrzött régi szokásokat bemutató, felidéző ünnepnapok, nemzetközi néptánc fesztiválok, falunapok látványos, turistacsalogató eseményt jelentenek a térségben.<br />
Pest megye történelmének leghősibb korszaka az 1848-49-es szabadságharc időszaka. Ennek emlékeivel találkozhatunk Ráckevén (Ács Károly), Szigetújfaluban (Görgey), Petőfi emlékhelyekkel Dömsödön és Kossuth kultuszával Áporkán. Ráckeve és térsége természeti és ember alkotta turisztikai attrakcióval bőven rendelkezik. A terület legjelentősebb vonzereje a víz, hisz az összes település a Duna partján, vagy közvetlen közelében található. A Duna, a Ráckevei-Soroksári Dunaág (röviden: RSD ), a holtágak és bányatavak mind-mind olyan természeti vonzerők, melyek meghatározóak a térség idegenforgalmában. A Duna főága, más néven a Nagy-Duna, bár fürdőzésre nem alkalmas az erős sodrás miatt, horgászásra, vízi sportok űzésére azonban kitűnő lehetőségeket nyújt. Mivel nem épült ki közvetlenül a parton nyaralóövezet, nincsenek stégek és épületek a vízparton, a táj így szinte teljesen érintetlen képet mutat, ami egy hajókirándulás, vagy evezőtúra során igazán lenyűgöző látvány.</p>
<p style="text-align: justify;">[/vc_column_text][/vc_column][vc_column width=&#8221;1/3&#8243;][vc_empty_space][vc_single_image image=&#8221;1003&#8243; img_size=&#8221;large&#8221; alignment=&#8221;center&#8221;][/vc_column][/vc_row][vc_row][vc_column][vc_column_text]</p>
<p align="justify">Das ethnische Bild der Bevölkerung ist bunt: die ersten serbischen Einsiedler sind im 12. Jh., zur Zeit von Béla II. angekommen. Die Einsiedler im Jahre 1440 haben Vorrechte bekommen und später haben hier die vor den Türken fliehenden Serben ein Zuhause gefunden. Heute leben die meisten Serben in Lórév. Die deutschen Nationalitäten leben auf mehreren Orten der Gegend. Ihre Bräuche sind an Festtagen, internationalen Tanzabenden und an Dorftagen zu sehen.<br />
Die heldenhafteste Zeit des Komitats Pest ist der Freiheitskrieg von 1848-1849, mit dem Andenken von Ács Károly in Ráckeve, Görgey in Szigetújfalu, Petőfi in Dömsöd und Kossuth in Áporka.</p>
<p>[/vc_column_text][/vc_column][/vc_row]</p>

<p>[vc_row][vc_column][vc_empty_space][/vc_column][/vc_row][vc_row][vc_column][vc_custom_heading text=&#8221;Umgebung&#8221; font_container=&#8221;tag:h3|text_align:left&#8221;][/vc_column][/vc_row][vc_row][vc_column][/vc_column][/vc_row][vc_row][vc_column][vc_column_text] Alsónémedi – Apaj – Áporka – Bugyi – Délegyháza – Dömsöd – Dunaharaszti – Dunavarsány – Halásztelek Kiskunlacháza – Kulcs – Lórév – Majosháza – Makád – Rácalmás – Ráckeve – Szigetbecse – Szigetcsép Szigethalom – Szigetszentmárton – Szigetszentmiklós – Szigetújfalu – Taksony – Tököl [/vc_column_text][/vc_column][/vc_row][vc_row][vc_column][vc_column_text] Die Csepel-Insel und die Region des Donauzweigs von Ráckeve &nbsp; Siedlungen Die große Insel, Magna Insula ist ein legendärer Schauplatz der ungarischen Geschichte. Einst formulierte die von den Bergen in die Tiefebene austretende Donau den Gesicht der Landschaft. Die aus den Anschwemmungen der Uhr-Donau gebildete Kegeln und die</p>
<a href="https://tourinformrackeve.hu/de/?page_id=992" class="sohohotel-more-link">Read More<i class="fa fa-angle-right"></i></a>
