{"id":1370,"date":"2021-03-08T11:26:26","date_gmt":"2021-03-08T11:26:26","guid":{"rendered":"http:\/\/syss.hu\/?page_id=1370"},"modified":"2021-04-05T00:21:06","modified_gmt":"2021-04-05T00:21:06","slug":"kisterseg-aporka","status":"publish","type":"page","link":"https:\/\/tourinformrackeve.hu\/en\/?page_id=1370","title":{"rendered":"Small region-\u00c1porka"},"content":{"rendered":"<p>[vc_row][vc_column][vc_empty_space][\/vc_column][\/vc_row][vc_row][vc_column][vc_custom_heading text=&#8221;Small region&#8221; font_container=&#8221;tag:h3|text_align:left&#8221;][\/vc_column][\/vc_row][vc_row][vc_column][vc_column_text]<\/p>\n<p style=\"text-align: center;\"><a href=\"https:\/\/tourinformrackeve.hu\/en\/?page_id=1430\">Als\u00f3n\u00e9medi<\/a>\u00a0\u2013\u00a0<a href=\"https:\/\/tourinformrackeve.hu\/en\/?page_id=1354\">Apaj\u00a0<\/a>\u2013\u00a0<a href=\"https:\/\/tourinformrackeve.hu\/en\/?page_id=1370\">\u00c1porka\u00a0<\/a>\u2013\u00a0<a href=\"https:\/\/tourinformrackeve.hu\/en\/?page_id=1431\">Bugyi<\/a>\u00a0\u2013\u00a0<a href=\"https:\/\/tourinformrackeve.hu\/en\/?page_id=1374\">D\u00e9legyh\u00e1za\u00a0<\/a>\u2013\u00a0<a href=\"https:\/\/tourinformrackeve.hu\/en\/?page_id=1377\">D\u00f6ms\u00f6d\u00a0<\/a>\u2013\u00a0<a href=\"https:\/\/tourinformrackeve.hu\/en\/?page_id=1381\">Dunaharaszti\u00a0<\/a>\u2013\u00a0<a href=\"https:\/\/tourinformrackeve.hu\/en\/?page_id=1384\">Dunavars\u00e1ny\u00a0<\/a>\u2013\u00a0<a href=\"https:\/\/tourinformrackeve.hu\/en\/?page_id=1387\">Hal\u00e1sztelek<\/a><br \/>\n<a href=\"https:\/\/tourinformrackeve.hu\/en\/?page_id=1390\">Kiskunlach\u00e1za\u00a0<\/a>\u2013\u00a0<a href=\"https:\/\/tourinformrackeve.hu\/en\/?page_id=1432\">Kulcs\u00a0<\/a>\u2013\u00a0<a href=\"https:\/\/tourinformrackeve.hu\/en\/?page_id=1393\">L\u00f3r\u00e9v<\/a>\u00a0\u2013\u00a0<a href=\"https:\/\/tourinformrackeve.hu\/en\/?page_id=1397\">Majosh\u00e1za<\/a>\u00a0\u2013\u00a0<a href=\"https:\/\/tourinformrackeve.hu\/en\/?page_id=1400\">Mak\u00e1d<\/a>\u00a0\u2013\u00a0<a href=\"https:\/\/tourinformrackeve.hu\/en\/?page_id=1433\">R\u00e1calm\u00e1s<\/a>\u00a0\u2013\u00a0<a href=\"https:\/\/tourinformrackeve.hu\/en\/?page_id=1403\">R\u00e1ckeve<\/a>\u00a0\u2013\u00a0<a href=\"https:\/\/tourinformrackeve.hu\/en\/?page_id=1406\">Szigetbecse<\/a>\u00a0\u2013\u00a0<a href=\"https:\/\/tourinformrackeve.hu\/en\/?page_id=1409\">Szigetcs\u00e9p<\/a><br \/>\n<a href=\"https:\/\/tourinformrackeve.hu\/en\/?page_id=1412\">Szigethalom<\/a>\u00a0\u2013\u00a0<a href=\"https:\/\/tourinformrackeve.hu\/en\/?page_id=1415\">Szigetszentm\u00e1rton<\/a>\u00a0\u2013\u00a0<a href=\"https:\/\/tourinformrackeve.hu\/en\/?page_id=1418\">Szigetszentmikl\u00f3s<\/a>\u00a0\u2013\u00a0<a href=\"https:\/\/tourinformrackeve.hu\/en\/?page_id=1421\">Sziget\u00fajfalu<\/a>\u00a0\u2013\u00a0<a href=\"https:\/\/tourinformrackeve.hu\/en\/?page_id=1424\">Taksony<\/a>\u00a0\u2013\u00a0<a href=\"https:\/\/tourinformrackeve.hu\/en\/?page_id=1427\">T\u00f6k\u00f6l<\/a><\/p>\n<p>[\/vc_column_text][\/vc_column][\/vc_row][vc_row][vc_column][vc_empty_space height=&#8221;62px&#8221;][\/vc_column][\/vc_row][vc_row][vc_column width=&#8221;2\/3&#8243;][vc_column_text]<\/p>\n<h3><span style=\"color: #d0103a;\">\u00c1prorka<\/span><\/h3>\n<p align=\"justify\">To the south of Budapest, on the left side of the Danube, next to the main road No 51 is the village of \u00c1porka. Its neighbours are Majosh\u00e1za to the north, D\u00e9legyh\u00e1za to the east, Kiskunlach\u00e1za to the south and the Danube to the west.<\/p>\n<p><strong>\u00c1porka Local Government: Pet\u0151fi str. 32. 2338 \u00c1porka<\/strong><br \/>\n<strong>Tel\/Fax: (24) 409-161<\/strong>[\/vc_column_text][\/vc_column][vc_column width=&#8221;1\/3&#8243;][vc_empty_space height=&#8221;62px&#8221;][vc_single_image image=&#8221;1371&#8243; img_size=&#8221;full&#8221; alignment=&#8221;center&#8221;][\/vc_column][\/vc_row][vc_row][vc_column][vc_column_text]<\/p>\n<p align=\"justify\">In the village an urn-graveyard from the bronze-era and numerous other graves from the 10-11th century have been found. One part of the village was called Bial. This name was first mentioned in a document from 1300.<br \/>\nIt is suspected that in the 17th century, the village lost its population, because of some kind of a natural disaster or war.<br \/>\nThe other village in this area, Capolna, is known from 1439. At that time this territory was in the hands of the K\u00e1polnai family. It was destroyed under the Turkish rule and only some documents from 1559-1590 tell us about this village.<br \/>\nIn the 18th century the Wattay dynasty possessed \u00c1porka.\u00a0 The village&#8217;s first seal originated at this time.<br \/>\nIn the early 19th century the Wattay dynasty still ruled this land.\u00a0 The inhabitants at the end of the reformatory era played an important role in the history of Pest county and also in the history of the whole country.<br \/>\n\u00c1porka\u2019s proximity to Budapest and its competitive land prices have attracted new industrial establishments and commercial institutions. Numerous summer houses have been built by the Danube.\u00a0 The area also attracts visitors for outings.<\/p>\n<p>[\/vc_column_text][\/vc_column][\/vc_row]<\/p>\n","protected":false},"excerpt":{"rendered":"<p>[vc_row][vc_column][vc_empty_space][\/vc_column][\/vc_row][vc_row][vc_column][vc_custom_heading text=&#8221;Small region&#8221; font_container=&#8221;tag:h3|text_align:left&#8221;][\/vc_column][\/vc_row][vc_row][vc_column][vc_column_text] Als\u00f3n\u00e9medi\u00a0\u2013\u00a0Apaj\u00a0\u2013\u00a0\u00c1porka\u00a0\u2013\u00a0Bugyi\u00a0\u2013\u00a0D\u00e9legyh\u00e1za\u00a0\u2013\u00a0D\u00f6ms\u00f6d\u00a0\u2013\u00a0Dunaharaszti\u00a0\u2013\u00a0Dunavars\u00e1ny\u00a0\u2013\u00a0Hal\u00e1sztelek Kiskunlach\u00e1za\u00a0\u2013\u00a0Kulcs\u00a0\u2013\u00a0L\u00f3r\u00e9v\u00a0\u2013\u00a0Majosh\u00e1za\u00a0\u2013\u00a0Mak\u00e1d\u00a0\u2013\u00a0R\u00e1calm\u00e1s\u00a0\u2013\u00a0R\u00e1ckeve\u00a0\u2013\u00a0Szigetbecse\u00a0\u2013\u00a0Szigetcs\u00e9p Szigethalom\u00a0\u2013\u00a0Szigetszentm\u00e1rton\u00a0\u2013\u00a0Szigetszentmikl\u00f3s\u00a0\u2013\u00a0Sziget\u00fajfalu\u00a0\u2013\u00a0Taksony\u00a0\u2013\u00a0T\u00f6k\u00f6l [\/vc_column_text][\/vc_column][\/vc_row][vc_row][vc_column][vc_empty_space height=&#8221;62px&#8221;][\/vc_column][\/vc_row][vc_row][vc_column width=&#8221;2\/3&#8243;][vc_column_text] \u00c1prorka To the south of Budapest, on the left side of the Danube, next to the main road No 51 is the village of \u00c1porka. Its neighbours are Majosh\u00e1za to the north, D\u00e9legyh\u00e1za to the east, Kiskunlach\u00e1za to the south and the Danube to the<\/p>\n<a href=\"https:\/\/tourinformrackeve.hu\/en\/?page_id=1370\" class=\"sohohotel-more-link\">Read More<i class=\"fa fa-angle-right\"><\/i><\/a>","protected":false},"author":1,"featured_media":0,"parent":0,"menu_order":0,"comment_status":"closed","ping_status":"closed","template":"","meta":[],"_links":{"self":[{"href":"https:\/\/tourinformrackeve.hu\/en\/index.php?rest_route=\/wp\/v2\/pages\/1370"}],"collection":[{"href":"https:\/\/tourinformrackeve.hu\/en\/index.php?rest_route=\/wp\/v2\/pages"}],"about":[{"href":"https:\/\/tourinformrackeve.hu\/en\/index.php?rest_route=\/wp\/v2\/types\/page"}],"author":[{"embeddable":true,"href":"https:\/\/tourinformrackeve.hu\/en\/index.php?rest_route=\/wp\/v2\/users\/1"}],"replies":[{"embeddable":true,"href":"https:\/\/tourinformrackeve.hu\/en\/index.php?rest_route=%2Fwp%2Fv2%2Fcomments&post=1370"}],"version-history":[{"count":6,"href":"https:\/\/tourinformrackeve.hu\/en\/index.php?rest_route=\/wp\/v2\/pages\/1370\/revisions"}],"predecessor-version":[{"id":1811,"href":"https:\/\/tourinformrackeve.hu\/en\/index.php?rest_route=\/wp\/v2\/pages\/1370\/revisions\/1811"}],"wp:attachment":[{"href":"https:\/\/tourinformrackeve.hu\/en\/index.php?rest_route=%2Fwp%2Fv2%2Fmedia&parent=1370"}],"curies":[{"name":"wp","href":"https:\/\/api.w.org\/{rel}","templated":true}]}}

Small region-Áporka

<p>[vc_row][vc_column][vc_empty_space][/vc_column][/vc_row][vc_row][vc_column][vc_custom_heading text=&#8221;Small region&#8221; font_container=&#8221;tag:h3|text_align:left&#8221;][/vc_column][/vc_row][vc_row][vc_column][vc_column_text]</p>
<p style="text-align: center;"><a href="https://tourinformrackeve.hu/en/?page_id=1430">Alsónémedi</a> – <a href="https://tourinformrackeve.hu/en/?page_id=1354">Apaj </a>– <a href="https://tourinformrackeve.hu/en/?page_id=1370">Áporka </a>– <a href="https://tourinformrackeve.hu/en/?page_id=1431">Bugyi</a> – <a href="https://tourinformrackeve.hu/en/?page_id=1374">Délegyháza </a>– <a href="https://tourinformrackeve.hu/en/?page_id=1377">Dömsöd </a>– <a href="https://tourinformrackeve.hu/en/?page_id=1381">Dunaharaszti </a>– <a href="https://tourinformrackeve.hu/en/?page_id=1384">Dunavarsány </a>– <a href="https://tourinformrackeve.hu/en/?page_id=1387">Halásztelek</a><br />
<a href="https://tourinformrackeve.hu/en/?page_id=1390">Kiskunlacháza </a>– <a href="https://tourinformrackeve.hu/en/?page_id=1432">Kulcs </a>– <a href="https://tourinformrackeve.hu/en/?page_id=1393">Lórév</a> – <a href="https://tourinformrackeve.hu/en/?page_id=1397">Majosháza</a> – <a href="https://tourinformrackeve.hu/en/?page_id=1400">Makád</a> – <a href="https://tourinformrackeve.hu/en/?page_id=1433">Rácalmás</a> – <a href="https://tourinformrackeve.hu/en/?page_id=1403">Ráckeve</a> – <a href="https://tourinformrackeve.hu/en/?page_id=1406">Szigetbecse</a> – <a href="https://tourinformrackeve.hu/en/?page_id=1409">Szigetcsép</a><br />
<a href="https://tourinformrackeve.hu/en/?page_id=1412">Szigethalom</a> – <a href="https://tourinformrackeve.hu/en/?page_id=1415">Szigetszentmárton</a> – <a href="https://tourinformrackeve.hu/en/?page_id=1418">Szigetszentmiklós</a> – <a href="https://tourinformrackeve.hu/en/?page_id=1421">Szigetújfalu</a> – <a href="https://tourinformrackeve.hu/en/?page_id=1424">Taksony</a> – <a href="https://tourinformrackeve.hu/en/?page_id=1427">Tököl</a></p>
<p>[/vc_column_text][/vc_column][/vc_row][vc_row][vc_column][vc_empty_space height=&#8221;62px&#8221;][/vc_column][/vc_row][vc_row][vc_column width=&#8221;2/3&#8243;][vc_column_text]</p>
<h3><span style="color: #d0103a;">Áprorka</span></h3>
<p align="justify">To the south of Budapest, on the left side of the Danube, next to the main road No 51 is the village of Áporka. Its neighbours are Majosháza to the north, Délegyháza to the east, Kiskunlacháza to the south and the Danube to the west.</p>
<p><strong>Áporka Local Government: Petőfi str. 32. 2338 Áporka</strong><br />
<strong>Tel/Fax: (24) 409-161</strong>[/vc_column_text][/vc_column][vc_column width=&#8221;1/3&#8243;][vc_empty_space height=&#8221;62px&#8221;][vc_single_image image=&#8221;1371&#8243; img_size=&#8221;full&#8221; alignment=&#8221;center&#8221;][/vc_column][/vc_row][vc_row][vc_column][vc_column_text]</p>
<p align="justify">In the village an urn-graveyard from the bronze-era and numerous other graves from the 10-11th century have been found. One part of the village was called Bial. This name was first mentioned in a document from 1300.<br />
It is suspected that in the 17th century, the village lost its population, because of some kind of a natural disaster or war.<br />
The other village in this area, Capolna, is known from 1439. At that time this territory was in the hands of the Kápolnai family. It was destroyed under the Turkish rule and only some documents from 1559-1590 tell us about this village.<br />
In the 18th century the Wattay dynasty possessed Áporka.  The village&#8217;s first seal originated at this time.<br />
In the early 19th century the Wattay dynasty still ruled this land.  The inhabitants at the end of the reformatory era played an important role in the history of Pest county and also in the history of the whole country.<br />
Áporka’s proximity to Budapest and its competitive land prices have attracted new industrial establishments and commercial institutions. Numerous summer houses have been built by the Danube.  The area also attracts visitors for outings.</p>
<p>[/vc_column_text][/vc_column][/vc_row]</p>

<p>[vc_row][vc_column][vc_empty_space][/vc_column][/vc_row][vc_row][vc_column][vc_custom_heading text=&#8221;Small region&#8221; font_container=&#8221;tag:h3|text_align:left&#8221;][/vc_column][/vc_row][vc_row][vc_column][vc_column_text] Alsónémedi – Apaj – Áporka – Bugyi – Délegyháza – Dömsöd – Dunaharaszti – Dunavarsány – Halásztelek Kiskunlacháza – Kulcs – Lórév – Majosháza – Makád – Rácalmás – Ráckeve – Szigetbecse – Szigetcsép Szigethalom – Szigetszentmárton – Szigetszentmiklós – Szigetújfalu – Taksony – Tököl [/vc_column_text][/vc_column][/vc_row][vc_row][vc_column][vc_empty_space height=&#8221;62px&#8221;][/vc_column][/vc_row][vc_row][vc_column width=&#8221;2/3&#8243;][vc_column_text] Áprorka To the south of Budapest, on the left side of the Danube, next to the main road No 51 is the village of Áporka. Its neighbours are Majosháza to the north, Délegyháza to the east, Kiskunlacháza to the south and the Danube to the</p>
<a href="https://tourinformrackeve.hu/en/?page_id=1370" class="sohohotel-more-link">Read More<i class="fa fa-angle-right"></i></a>
