{"id":1431,"date":"2021-03-08T13:11:22","date_gmt":"2021-03-08T13:11:22","guid":{"rendered":"http:\/\/syss.hu\/?page_id=1431"},"modified":"2021-04-05T00:22:17","modified_gmt":"2021-04-05T00:22:17","slug":"kisterseg-bugyi","status":"publish","type":"page","link":"https:\/\/tourinformrackeve.hu\/en\/?page_id=1431","title":{"rendered":"Small region-Bugyi"},"content":{"rendered":"<p>[vc_row][vc_column][vc_empty_space][\/vc_column][\/vc_row][vc_row][vc_column][vc_custom_heading text=&#8221;Small region&#8221; font_container=&#8221;tag:h3|text_align:left&#8221;][\/vc_column][\/vc_row][vc_row][vc_column][vc_column_text]<\/p>\n<p style=\"text-align: center;\"><a href=\"https:\/\/tourinformrackeve.hu\/en\/?page_id=1430\">Als\u00f3n\u00e9medi<\/a>\u00a0\u2013\u00a0<a href=\"https:\/\/tourinformrackeve.hu\/en\/?page_id=1354\">Apaj\u00a0<\/a>\u2013\u00a0<a href=\"https:\/\/tourinformrackeve.hu\/en\/?page_id=1370\">\u00c1porka\u00a0<\/a>\u2013\u00a0<a href=\"https:\/\/tourinformrackeve.hu\/en\/?page_id=1431\">Bugyi<\/a>\u00a0\u2013\u00a0<a href=\"https:\/\/tourinformrackeve.hu\/en\/?page_id=1374\">D\u00e9legyh\u00e1za\u00a0<\/a>\u2013\u00a0<a href=\"https:\/\/tourinformrackeve.hu\/en\/?page_id=1377\">D\u00f6ms\u00f6d\u00a0<\/a>\u2013\u00a0<a href=\"https:\/\/tourinformrackeve.hu\/en\/?page_id=1381\">Dunaharaszti\u00a0<\/a>\u2013\u00a0<a href=\"https:\/\/tourinformrackeve.hu\/en\/?page_id=1384\">Dunavars\u00e1ny\u00a0<\/a>\u2013\u00a0<a href=\"https:\/\/tourinformrackeve.hu\/en\/?page_id=1387\">Hal\u00e1sztelek<\/a><br \/>\n<a href=\"https:\/\/tourinformrackeve.hu\/en\/?page_id=1390\">Kiskunlach\u00e1za\u00a0<\/a>\u2013\u00a0<a href=\"https:\/\/tourinformrackeve.hu\/en\/?page_id=1432\">Kulcs\u00a0<\/a>\u2013\u00a0<a href=\"https:\/\/tourinformrackeve.hu\/en\/?page_id=1393\">L\u00f3r\u00e9v<\/a>\u00a0\u2013\u00a0<a href=\"https:\/\/tourinformrackeve.hu\/en\/?page_id=1397\">Majosh\u00e1za<\/a>\u00a0\u2013\u00a0<a href=\"https:\/\/tourinformrackeve.hu\/en\/?page_id=1400\">Mak\u00e1d<\/a>\u00a0\u2013\u00a0<a href=\"https:\/\/tourinformrackeve.hu\/en\/?page_id=1433\">R\u00e1calm\u00e1s<\/a>\u00a0\u2013\u00a0<a href=\"https:\/\/tourinformrackeve.hu\/en\/?page_id=1403\">R\u00e1ckeve<\/a>\u00a0\u2013\u00a0<a href=\"https:\/\/tourinformrackeve.hu\/en\/?page_id=1406\">Szigetbecse<\/a>\u00a0\u2013\u00a0<a href=\"https:\/\/tourinformrackeve.hu\/en\/?page_id=1409\">Szigetcs\u00e9p<\/a><br \/>\n<a href=\"https:\/\/tourinformrackeve.hu\/en\/?page_id=1412\">Szigethalom<\/a>\u00a0\u2013\u00a0<a href=\"https:\/\/tourinformrackeve.hu\/en\/?page_id=1415\">Szigetszentm\u00e1rton<\/a>\u00a0\u2013\u00a0<a href=\"https:\/\/tourinformrackeve.hu\/en\/?page_id=1418\">Szigetszentmikl\u00f3s<\/a>\u00a0\u2013\u00a0<a href=\"https:\/\/tourinformrackeve.hu\/en\/?page_id=1421\">Sziget\u00fajfalu<\/a>\u00a0\u2013\u00a0<a href=\"https:\/\/tourinformrackeve.hu\/en\/?page_id=1424\">Taksony<\/a>\u00a0\u2013\u00a0<a href=\"https:\/\/tourinformrackeve.hu\/en\/?page_id=1427\">T\u00f6k\u00f6l<\/a><\/p>\n<p>[\/vc_column_text][\/vc_column][\/vc_row][vc_row][vc_column][vc_empty_space height=&#8221;62px&#8221;][\/vc_column][\/vc_row][vc_row][vc_column width=&#8221;2\/3&#8243;][vc_column_text]<\/p>\n<h3><span style=\"color: #d0103a;\">Bugyi<\/span><\/h3>\n<p>Bugyi nagyk\u00f6zs\u00e9g Budapestt\u0151l d\u00e9lkeletre, \u00c1porka, S\u00e1ri, Taksony, Pesz\u00e9radacs \u00e9s Kiskunlach\u00e1za k\u00f6zt fekv\u0151 telep\u00fcl\u00e9s.<\/p>\n<p>&nbsp;<\/p>\n<p><strong>Bugyi Nagyk\u00f6zs\u00e9g \u00d6nkorm\u00e1nyzat\u00e1nak Polg\u00e1rmesteri Hivatala<\/strong><br \/>\n2347 Bugyi Beleznay t\u00e9r 1.<br \/>\nTel: 06\/29-547-502 \u2013 06\/29-547-507<br \/>\nE-mail: <a href=\"mailto:hivatal@bugyi.hu\">hivatal@bugyi.hu<\/a><br \/>\nHonlap: <a href=\"http:\/\/www.bugyi.hu\/\">www.bugyi.hu<\/a>[\/vc_column_text][\/vc_column][vc_column width=&#8221;1\/3&#8243;][vc_empty_space height=&#8221;62px&#8221;][vc_single_image image=&#8221;1663&#8243; img_size=&#8221;full&#8221; alignment=&#8221;center&#8221;][\/vc_column][\/vc_row][vc_row][vc_column][vc_column_text]Bugyi k\u00f6zs\u00e9gr\u0151l az els\u0151 \u00edr\u00e1sos eml\u00e9k 1346-b\u00f3l val\u00f3, amely egy Bwd \u00e9s Apay ter\u00fclet\u00e9n fekv\u0151 birtok z\u00e1logba v\u00e9tel\u00e9vel foglalkozik. A t\u00f6rt\u00e9neti forr\u00e1sok azonban m\u00e1r 1321-t\u0151l eml\u00edt\u00e9st tesznek a Pereg hat\u00e1r\u00e1ban fekv\u0151 Budim\u00e1t\u00e9faluj\u00e1r\u00f3l \u00e9s Budip\u00e9terf\u00f6ldj\u00e9r\u0151l, melyeknek 1312-ig Bugyi M\u00e1t\u00e9 \u00e9s P\u00e9ter voltak a birtokosai, akik nev\u00fck szerint Bugyi falub\u00f3l kirajz\u00f3 kisnemesek lehettek.<\/p>\n<p>A k\u00f6zs\u00e9g neve v\u00e9g\u00fcl a XVII.-XVIII. sz\u00e1zadban v\u00e1ltozott fokozatosan a Bud(i)-r\u00f3l Bugyi-ra. Noha a t\u00e9rs\u00e9get a tat\u00e1rj\u00e1r\u00e1s alaposan megt\u00e9p\u00e1zta, R\u00e1da, Bugyi, v\u00e9g\u00fcl &#8211; a Szent Gy\u00f6rgy elhagyott templom\u00e1nak k\u00f6rny\u00e9k\u00e9n \u00fajratelep\u00fclt &#8211; V\u00e1ny falvak sorsa is rendez\u0151d\u00f6tt, s a t\u00e9rs\u00e9gre jellemz\u0151 n\u00e9pes k\u00f6znemesi falvak k\u00f6z\u00e9 tartoztak.<\/p>\n<p>Az \u00fajabb kori fejl\u0151d\u00e9s Beleznay J\u00e1nos nev\u00e9hez f\u0171z\u0151dik, aki feles\u00e9g\u00e9vel a szint\u00e9n Nyitr\u00e1b\u00f3l sz\u00e1rmaz\u00f3 Grassalkovich Zsuzsann\u00e1val egy\u00fctt 1729-t\u0151l kezdt\u00e9k betelep\u00edteni reform\u00e1tus magyar jobb\u00e1gyokkal e puszt\u00e1t. A falu k\u00f6zpontj\u00e1ban a Beleznay-k\u00faria \u00e9s a reform\u00e1tusokt\u00f3l 1761-ben elvett orat\u00f3rium hely\u00e9re \u00e9p\u00edtett, s 1763-ban Szent Adalbertnek szentelt katolikus templom \u00e1llt. K\u00f6z\u00f6tt\u00fck sz\u00e1mos kisnemesi k\u00faria, k\u00f6zs\u00e9gh\u00e1z, sz\u00e9lmalom, m\u00e9sz\u00e1rsz\u00e9k, korcsm\u00e1k, majd zsinag\u00f3ga l\u00e9t\u00e9re van adat.<\/p>\n<p>1885-ben nagy t\u0171zv\u00e9sz puszt\u00edtott itt, ekkor a telep\u00fcl\u00e9s nagyobb r\u00e9sze le\u00e9gett.<\/p>\n<p>A telep\u00fcl\u00e9s nagyobb birtokosai voltak: a 18. sz\u00e1zadban a Beleznay csal\u00e1d, gr\u00f3f Beleznay Mikl\u00f3s, majd k\u00e9s\u0151bb a b\u00e1r\u00f3 B\u00e1nffyak, b\u00e1r\u00f3 Vay Mikl\u00f3s \u00e9s gr\u00f3f Vay \u00c1brah\u00e1m.<\/p>\n<p>A 20. sz\u00e1zad elej\u00e9n Pest-Pilis-Solt-Kiskun v\u00e1rmegye Als\u00f3dabasi j\u00e1r\u00e1s\u00e1hoz tartozott. 1910-ben 3464 lakos\u00e1b\u00f3l 1596 r\u00f3mai katolikus, 1761 reform\u00e1tus \u00e9s 88 izraelita volt.<\/p>\n<p>Napjainkban, a falu centrum\u00e1ban a Beleznay-k\u00fari\u00e1val, k\u00f6zs\u00e9gh\u00e1zzal, iskol\u00e1val \u00e9s k\u00e9t templommal \u00f6vezett barokk jelleg\u0171 kisv\u00e1rosias f\u0151t\u00e9r \u00e1ll. K\u00f6r\u00f6tte kertes h\u00e1zak, majd a k\u00f6zs\u00e9g sz\u00e9l\u00e9n tal\u00e1lhat\u00f3 az ipartelepek sorozata . Mint Czag\u00e1nyi L\u00e1szl\u00f3 &#8211; az \u00e1llamalap\u00edt\u00e1s millenniuma \u00e9s a falu \u00fajratelep\u00fcl\u00e9s\u00e9nek 270. \u00e9vfordul\u00f3ja tisztelet\u00e9re a nagyk\u00f6zs\u00e9gi \u00f6nkorm\u00e1nyzat kiad\u00e1s\u00e1ban megjelent &#8211; Bugyi k\u00f6zs\u00e9g t\u00f6rt\u00e9nete c. k\u00e9tk\u00f6tetes tanulm\u00e1nya is bizony\u00edtja, Bugyi a t\u00e9rs\u00e9g nagy t\u00f6rt\u00e9nelmi m\u00faltra visszatekint\u0151, gazdag n\u00e9prajzi hagyom\u00e1nyokat \u00e1pol\u00f3, mindemellett egyre ink\u00e1bb polg\u00e1rosod\u00f3 \u00e9s urbaniz\u00e1l\u00f3d\u00f3 telep\u00fcl\u00e9se.<\/p>\n<p>[\/vc_column_text][\/vc_column][\/vc_row]<\/p>\n","protected":false},"excerpt":{"rendered":"<p>[vc_row][vc_column][vc_empty_space][\/vc_column][\/vc_row][vc_row][vc_column][vc_custom_heading text=&#8221;Small region&#8221; font_container=&#8221;tag:h3|text_align:left&#8221;][\/vc_column][\/vc_row][vc_row][vc_column][vc_column_text] Als\u00f3n\u00e9medi\u00a0\u2013\u00a0Apaj\u00a0\u2013\u00a0\u00c1porka\u00a0\u2013\u00a0Bugyi\u00a0\u2013\u00a0D\u00e9legyh\u00e1za\u00a0\u2013\u00a0D\u00f6ms\u00f6d\u00a0\u2013\u00a0Dunaharaszti\u00a0\u2013\u00a0Dunavars\u00e1ny\u00a0\u2013\u00a0Hal\u00e1sztelek Kiskunlach\u00e1za\u00a0\u2013\u00a0Kulcs\u00a0\u2013\u00a0L\u00f3r\u00e9v\u00a0\u2013\u00a0Majosh\u00e1za\u00a0\u2013\u00a0Mak\u00e1d\u00a0\u2013\u00a0R\u00e1calm\u00e1s\u00a0\u2013\u00a0R\u00e1ckeve\u00a0\u2013\u00a0Szigetbecse\u00a0\u2013\u00a0Szigetcs\u00e9p Szigethalom\u00a0\u2013\u00a0Szigetszentm\u00e1rton\u00a0\u2013\u00a0Szigetszentmikl\u00f3s\u00a0\u2013\u00a0Sziget\u00fajfalu\u00a0\u2013\u00a0Taksony\u00a0\u2013\u00a0T\u00f6k\u00f6l [\/vc_column_text][\/vc_column][\/vc_row][vc_row][vc_column][vc_empty_space height=&#8221;62px&#8221;][\/vc_column][\/vc_row][vc_row][vc_column width=&#8221;2\/3&#8243;][vc_column_text] Bugyi Bugyi nagyk\u00f6zs\u00e9g Budapestt\u0151l d\u00e9lkeletre, \u00c1porka, S\u00e1ri, Taksony, Pesz\u00e9radacs \u00e9s Kiskunlach\u00e1za k\u00f6zt fekv\u0151 telep\u00fcl\u00e9s. &nbsp; Bugyi Nagyk\u00f6zs\u00e9g \u00d6nkorm\u00e1nyzat\u00e1nak Polg\u00e1rmesteri Hivatala 2347 Bugyi Beleznay t\u00e9r 1. Tel: 06\/29-547-502 \u2013 06\/29-547-507 E-mail: hivatal@bugyi.hu Honlap: www.bugyi.hu[\/vc_column_text][\/vc_column][vc_column width=&#8221;1\/3&#8243;][vc_empty_space height=&#8221;62px&#8221;][vc_single_image image=&#8221;1663&#8243; img_size=&#8221;full&#8221; alignment=&#8221;center&#8221;][\/vc_column][\/vc_row][vc_row][vc_column][vc_column_text]Bugyi k\u00f6zs\u00e9gr\u0151l az els\u0151 \u00edr\u00e1sos eml\u00e9k 1346-b\u00f3l val\u00f3,<\/p>\n<a href=\"https:\/\/tourinformrackeve.hu\/en\/?page_id=1431\" class=\"sohohotel-more-link\">Read More<i class=\"fa fa-angle-right\"><\/i><\/a>","protected":false},"author":1,"featured_media":0,"parent":0,"menu_order":0,"comment_status":"closed","ping_status":"closed","template":"","meta":[],"_links":{"self":[{"href":"https:\/\/tourinformrackeve.hu\/en\/index.php?rest_route=\/wp\/v2\/pages\/1431"}],"collection":[{"href":"https:\/\/tourinformrackeve.hu\/en\/index.php?rest_route=\/wp\/v2\/pages"}],"about":[{"href":"https:\/\/tourinformrackeve.hu\/en\/index.php?rest_route=\/wp\/v2\/types\/page"}],"author":[{"embeddable":true,"href":"https:\/\/tourinformrackeve.hu\/en\/index.php?rest_route=\/wp\/v2\/users\/1"}],"replies":[{"embeddable":true,"href":"https:\/\/tourinformrackeve.hu\/en\/index.php?rest_route=%2Fwp%2Fv2%2Fcomments&post=1431"}],"version-history":[{"count":8,"href":"https:\/\/tourinformrackeve.hu\/en\/index.php?rest_route=\/wp\/v2\/pages\/1431\/revisions"}],"predecessor-version":[{"id":1812,"href":"https:\/\/tourinformrackeve.hu\/en\/index.php?rest_route=\/wp\/v2\/pages\/1431\/revisions\/1812"}],"wp:attachment":[{"href":"https:\/\/tourinformrackeve.hu\/en\/index.php?rest_route=%2Fwp%2Fv2%2Fmedia&parent=1431"}],"curies":[{"name":"wp","href":"https:\/\/api.w.org\/{rel}","templated":true}]}}

<p>[vc_row][vc_column][vc_empty_space][/vc_column][/vc_row][vc_row][vc_column][vc_custom_heading text=&#8221;Small region&#8221; font_container=&#8221;tag:h3|text_align:left&#8221;][/vc_column][/vc_row][vc_row][vc_column][vc_column_text]</p>
<p style="text-align: center;"><a href="https://tourinformrackeve.hu/en/?page_id=1430">Alsónémedi</a> – <a href="https://tourinformrackeve.hu/en/?page_id=1354">Apaj </a>– <a href="https://tourinformrackeve.hu/en/?page_id=1370">Áporka </a>– <a href="https://tourinformrackeve.hu/en/?page_id=1431">Bugyi</a> – <a href="https://tourinformrackeve.hu/en/?page_id=1374">Délegyháza </a>– <a href="https://tourinformrackeve.hu/en/?page_id=1377">Dömsöd </a>– <a href="https://tourinformrackeve.hu/en/?page_id=1381">Dunaharaszti </a>– <a href="https://tourinformrackeve.hu/en/?page_id=1384">Dunavarsány </a>– <a href="https://tourinformrackeve.hu/en/?page_id=1387">Halásztelek</a><br />
<a href="https://tourinformrackeve.hu/en/?page_id=1390">Kiskunlacháza </a>– <a href="https://tourinformrackeve.hu/en/?page_id=1432">Kulcs </a>– <a href="https://tourinformrackeve.hu/en/?page_id=1393">Lórév</a> – <a href="https://tourinformrackeve.hu/en/?page_id=1397">Majosháza</a> – <a href="https://tourinformrackeve.hu/en/?page_id=1400">Makád</a> – <a href="https://tourinformrackeve.hu/en/?page_id=1433">Rácalmás</a> – <a href="https://tourinformrackeve.hu/en/?page_id=1403">Ráckeve</a> – <a href="https://tourinformrackeve.hu/en/?page_id=1406">Szigetbecse</a> – <a href="https://tourinformrackeve.hu/en/?page_id=1409">Szigetcsép</a><br />
<a href="https://tourinformrackeve.hu/en/?page_id=1412">Szigethalom</a> – <a href="https://tourinformrackeve.hu/en/?page_id=1415">Szigetszentmárton</a> – <a href="https://tourinformrackeve.hu/en/?page_id=1418">Szigetszentmiklós</a> – <a href="https://tourinformrackeve.hu/en/?page_id=1421">Szigetújfalu</a> – <a href="https://tourinformrackeve.hu/en/?page_id=1424">Taksony</a> – <a href="https://tourinformrackeve.hu/en/?page_id=1427">Tököl</a></p>
<p>[/vc_column_text][/vc_column][/vc_row][vc_row][vc_column][vc_empty_space height=&#8221;62px&#8221;][/vc_column][/vc_row][vc_row][vc_column width=&#8221;2/3&#8243;][vc_column_text]</p>
<h3><span style="color: #d0103a;">Bugyi</span></h3>
<p>Bugyi nagyközség Budapesttől délkeletre, Áporka, Sári, Taksony, Peszéradacs és Kiskunlacháza közt fekvő település.</p>
<p>&nbsp;</p>
<p><strong>Bugyi Nagyközség Önkormányzatának Polgármesteri Hivatala</strong><br />
2347 Bugyi Beleznay tér 1.<br />
Tel: 06/29-547-502 – 06/29-547-507<br />
E-mail: <a href="mailto:hivatal@bugyi.hu">hivatal@bugyi.hu</a><br />
Honlap: <a href="http://www.bugyi.hu/">www.bugyi.hu</a>[/vc_column_text][/vc_column][vc_column width=&#8221;1/3&#8243;][vc_empty_space height=&#8221;62px&#8221;][vc_single_image image=&#8221;1663&#8243; img_size=&#8221;full&#8221; alignment=&#8221;center&#8221;][/vc_column][/vc_row][vc_row][vc_column][vc_column_text]Bugyi községről az első írásos emlék 1346-ból való, amely egy Bwd és Apay területén fekvő birtok zálogba vételével foglalkozik. A történeti források azonban már 1321-től említést tesznek a Pereg határában fekvő Budimátéfalujáról és Budipéterföldjéről, melyeknek 1312-ig Bugyi Máté és Péter voltak a birtokosai, akik nevük szerint Bugyi faluból kirajzó kisnemesek lehettek.</p>
<p>A község neve végül a XVII.-XVIII. században változott fokozatosan a Bud(i)-ról Bugyi-ra. Noha a térséget a tatárjárás alaposan megtépázta, Ráda, Bugyi, végül &#8211; a Szent György elhagyott templomának környékén újratelepült &#8211; Vány falvak sorsa is rendeződött, s a térségre jellemző népes köznemesi falvak közé tartoztak.</p>
<p>Az újabb kori fejlődés Beleznay János nevéhez fűződik, aki feleségével a szintén Nyitrából származó Grassalkovich Zsuzsannával együtt 1729-től kezdték betelepíteni református magyar jobbágyokkal e pusztát. A falu központjában a Beleznay-kúria és a reformátusoktól 1761-ben elvett oratórium helyére épített, s 1763-ban Szent Adalbertnek szentelt katolikus templom állt. Közöttük számos kisnemesi kúria, községház, szélmalom, mészárszék, korcsmák, majd zsinagóga létére van adat.</p>
<p>1885-ben nagy tűzvész pusztított itt, ekkor a település nagyobb része leégett.</p>
<p>A település nagyobb birtokosai voltak: a 18. században a Beleznay család, gróf Beleznay Miklós, majd később a báró Bánffyak, báró Vay Miklós és gróf Vay Ábrahám.</p>
<p>A 20. század elején Pest-Pilis-Solt-Kiskun vármegye Alsódabasi járásához tartozott. 1910-ben 3464 lakosából 1596 római katolikus, 1761 református és 88 izraelita volt.</p>
<p>Napjainkban, a falu centrumában a Beleznay-kúriával, községházzal, iskolával és két templommal övezett barokk jellegű kisvárosias főtér áll. Körötte kertes házak, majd a község szélén található az ipartelepek sorozata . Mint Czagányi László &#8211; az államalapítás millenniuma és a falu újratelepülésének 270. évfordulója tiszteletére a nagyközségi önkormányzat kiadásában megjelent &#8211; Bugyi község története c. kétkötetes tanulmánya is bizonyítja, Bugyi a térség nagy történelmi múltra visszatekintő, gazdag néprajzi hagyományokat ápoló, mindemellett egyre inkább polgárosodó és urbanizálódó települése.</p>
<p>[/vc_column_text][/vc_column][/vc_row]</p>

<p>[vc_row][vc_column][vc_empty_space][/vc_column][/vc_row][vc_row][vc_column][vc_custom_heading text=&#8221;Small region&#8221; font_container=&#8221;tag:h3|text_align:left&#8221;][/vc_column][/vc_row][vc_row][vc_column][vc_column_text] Alsónémedi – Apaj – Áporka – Bugyi – Délegyháza – Dömsöd – Dunaharaszti – Dunavarsány – Halásztelek Kiskunlacháza – Kulcs – Lórév – Majosháza – Makád – Rácalmás – Ráckeve – Szigetbecse – Szigetcsép Szigethalom – Szigetszentmárton – Szigetszentmiklós – Szigetújfalu – Taksony – Tököl [/vc_column_text][/vc_column][/vc_row][vc_row][vc_column][vc_empty_space height=&#8221;62px&#8221;][/vc_column][/vc_row][vc_row][vc_column width=&#8221;2/3&#8243;][vc_column_text] Bugyi Bugyi nagyközség Budapesttől délkeletre, Áporka, Sári, Taksony, Peszéradacs és Kiskunlacháza közt fekvő település. &nbsp; Bugyi Nagyközség Önkormányzatának Polgármesteri Hivatala 2347 Bugyi Beleznay tér 1. Tel: 06/29-547-502 – 06/29-547-507 E-mail: hivatal@bugyi.hu Honlap: www.bugyi.hu[/vc_column_text][/vc_column][vc_column width=&#8221;1/3&#8243;][vc_empty_space height=&#8221;62px&#8221;][vc_single_image image=&#8221;1663&#8243; img_size=&#8221;full&#8221; alignment=&#8221;center&#8221;][/vc_column][/vc_row][vc_row][vc_column][vc_column_text]Bugyi községről az első írásos emlék 1346-ból való,</p>
<a href="https://tourinformrackeve.hu/en/?page_id=1431" class="sohohotel-more-link">Read More<i class="fa fa-angle-right"></i></a>
