{"id":1547,"date":"2021-03-22T13:10:20","date_gmt":"2021-03-22T13:10:20","guid":{"rendered":"https:\/\/tourinformrackeve.hu\/?page_id=1547"},"modified":"2021-04-05T10:32:10","modified_gmt":"2021-04-05T10:32:10","slug":"latnivalok-kulcs","status":"publish","type":"page","link":"https:\/\/tourinformrackeve.hu\/en\/?page_id=1547","title":{"rendered":"Sights-Kulcs"},"content":{"rendered":"<p>[vc_row][vc_column][vc_empty_space][\/vc_column][\/vc_row][vc_row][vc_column][vc_custom_heading text=&#8221;Sights&#8221; font_container=&#8221;tag:h3|text_align:left&#8221;][\/vc_column][\/vc_row][vc_row][vc_column][vc_column_text]<\/p>\n<p style=\"text-align: center;\"><a href=\"https:\/\/tourinformrackeve.hu\/en\/?page_id=1518\">Als\u00f3n\u00e9medi<\/a>\u00a0\u2013\u00a0<a href=\"https:\/\/tourinformrackeve.hu\/en\/?page_id=1520\">Apaj\u00a0<\/a>\u2013\u00a0<a href=\"https:\/\/tourinformrackeve.hu\/en\/?page_id=1526\">\u00c1porka\u00a0<\/a>\u2013\u00a0<a href=\"https:\/\/tourinformrackeve.hu\/en\/?page_id=1529\">Bugyi<\/a>\u00a0\u2013\u00a0<a href=\"https:\/\/tourinformrackeve.hu\/en\/?page_id=1533\">D\u00e9legyh\u00e1za\u00a0<\/a>\u2013\u00a0<a href=\"https:\/\/tourinformrackeve.hu\/en\/?page_id=1535\">D\u00f6ms\u00f6d\u00a0<\/a>\u2013\u00a0<a href=\"https:\/\/tourinformrackeve.hu\/en\/?page_id=1537\">Dunaharaszti\u00a0<\/a>\u2013\u00a0<a href=\"https:\/\/tourinformrackeve.hu\/en\/?page_id=1540\">Dunavars\u00e1ny\u00a0<\/a>\u2013\u00a0<a href=\"https:\/\/tourinformrackeve.hu\/en\/?page_id=1542\">Hal\u00e1sztelek<\/a><br \/>\n<a href=\"https:\/\/tourinformrackeve.hu\/en\/?page_id=1544\">Kiskunlach\u00e1za\u00a0<\/a>\u2013\u00a0<a href=\"https:\/\/tourinformrackeve.hu\/en\/?page_id=1547\">Kulcs\u00a0<\/a>\u2013\u00a0<a href=\"https:\/\/tourinformrackeve.hu\/en\/?page_id=1549\">L\u00f3r\u00e9v<\/a>\u00a0\u2013\u00a0<a href=\"https:\/\/tourinformrackeve.hu\/en\/?page_id=1552\">Majosh\u00e1za<\/a>\u00a0\u2013\u00a0<a href=\"https:\/\/tourinformrackeve.hu\/en\/?page_id=1554\">Mak\u00e1d<\/a>\u00a0\u2013\u00a0<a href=\"https:\/\/tourinformrackeve.hu\/en\/?page_id=1556\">R\u00e1calm\u00e1s<\/a>\u00a0\u2013\u00a0<a href=\"https:\/\/tourinformrackeve.hu\/en\/?page_id=1558\">R\u00e1ckeve<\/a>\u00a0\u2013\u00a0<a href=\"https:\/\/tourinformrackeve.hu\/en\/?page_id=1560\">Szigetbecse<\/a>\u00a0\u2013\u00a0<a href=\"https:\/\/tourinformrackeve.hu\/en\/?page_id=1563\">Szigetcs\u00e9p<\/a><br \/>\n<a href=\"https:\/\/tourinformrackeve.hu\/en\/?page_id=1565\">Szigethalom<\/a>\u00a0\u2013\u00a0<a href=\"https:\/\/tourinformrackeve.hu\/en\/?page_id=1567\">Szigetszentm\u00e1rton<\/a>\u00a0\u2013\u00a0<a href=\"https:\/\/tourinformrackeve.hu\/en\/?page_id=1569\">Szigetszentmikl\u00f3s<\/a>\u00a0\u2013\u00a0<a href=\"https:\/\/tourinformrackeve.hu\/en\/?page_id=1571\">Sziget\u00fajfalu<\/a>\u00a0\u2013\u00a0<a href=\"https:\/\/tourinformrackeve.hu\/en\/?page_id=1573\">Taksony<\/a>\u00a0\u2013\u00a0<a href=\"https:\/\/tourinformrackeve.hu\/en\/?page_id=1575\">T\u00f6k\u00f6l<\/a><\/p>\n<p>[\/vc_column_text][\/vc_column][\/vc_row][vc_row][vc_column][vc_empty_space height=&#8221;62px&#8221;][\/vc_column][\/vc_row][vc_row][vc_column width=&#8221;2\/3&#8243;][vc_column_text]<\/p>\n<h3><span style=\"color: #d0103a;\">Kulcs<\/span><\/h3>\n<p>[\/vc_column_text][\/vc_column][vc_column width=&#8221;1\/3&#8243;][\/vc_column][\/vc_row][vc_row][vc_column][vc_column_text]<strong>Kulcsi pinc\u00e9k\/Hegyi otthon pince:<\/strong> (De\u00e1k Ferenc utca 56\/2 Hrsz:3133\/1) De\u00e1k Ferenc utc\u00e1n m\u00e9g egy hagyom\u00e1nyos karaktereket \u0151rz\u0151 pinc\u00e9vel tal\u00e1lkozhatunk. Az \u00e9p\u00fclet f\u0151gerince az utca vonal\u00e1val p\u00e1rhuzamosan fut, torn\u00e1ca k\u00f6zvetlen\u00fcl az utc\u00e1ra ny\u00edlik. A homlokzata feh\u00e9rre meszelt \u00e9s az ablakai felett sz\u0151l\u0151mint\u00e1s d\u00edsz\u00edt\u00e9s l\u00e1that\u00f3.<\/p>\n<p><strong>De\u00e1k Ferenc utcai n\u00e1dtet\u0151s \u00e9p\u00fcletek:<\/strong> A Duna-parti \u00fcd\u00fcl\u0151telep \u00e9s \u00d3falu telep\u00fcl\u00e9sr\u00e9szek hat\u00e1r\u00e1n s\u00e9t\u00e1lva kedves kis n\u00e1dtet\u0151s \u00e9pletekre bukkanhatunk a De\u00e1k Ferenc utc\u00e1ban. A feh\u00e9rre meszelt h\u00e1zak \u00e1rk\u00e1dos torn\u00e1ccal vannak ell\u00e1tva, ablakaik hagyom\u00e1nyosan f\u00e1b\u00f3l k\u00e9sz\u00fcltek.<\/p>\n<p><strong>Torn\u00e1cos lak\u00f3h\u00e1zak:<\/strong> Az \u00d3faluban j\u00e1rva t\u00f6bb olyan lak\u00f3\u00e9p\u00fcletet l\u00e1thatunk, melyek m\u00e9g \u0151rzik a hagyom\u00e1nyos telep\u00fcl\u00e9skarakter nyomait. Ezek az oldalhat\u00e1ron \u00e1ll\u00f3 torn\u00e1cos lak\u00f3h\u00e1zak egy traktusosak, nyeregtet\u0151vel rendelkeznek. Az \u00e9p\u00fclet gerince az utca vonal\u00e1ra mer\u0151leges t\u00e1jol\u00e1s\u00fa. A f\u0151homlokzaton t\u00f6bbnyire egy n\u00e9gyzetes ablak, k\u00e9t padl\u00e1sny\u00edl\u00e1s \u00e9s egy kopors\u00f3ajt\u00f3 vagy egy f\u00e9lk\u00f6r\u00edves ajt\u00f3ny\u00edl\u00e1s figyelhet\u0151 meg.<\/p>\n<p><strong>Kulcsi katolikus k\u00e1polna\/Katolikus J\u00e9zus sz\u00edve k\u00e1polna:<\/strong> (Kossuth Lajos utca 73.) A k\u00f6zs\u00e9g \u00e1ltal\u00e1nos iskol\u00e1j\u00e1val szomsz\u00e9ds\u00e1gban tal\u00e1lhat\u00f3 az 1935-ben J\u00e9zus Szents\u00e9ges Sz\u00edv\u00e9nek tisztelet\u00e9re felszentelt katolikus k\u00e1polna. Az egyhaj\u00f3s, egytorny\u00fa k\u00e1polna el\u0151tt k\u00e9toszlopos portikusz v\u00e1rja a h\u00edv\u0151ket. A f\u0151homlokzatb\u00f3l csup\u00e1n d\u00edsz\u00edt\u00e9se miatt kiemelked\u0151 torony \u00e1tt\u00f6rt f\u00e9lk\u00f6r\u00edves harangablakokkal, egyszer\u0171 nyeregtet\u0151 fed\u00e9ssel rendelkezik.<\/p>\n<p>Itt \u00e9p\u00fclt az els\u0151 magyar k\u00f6z\u00fczem\u0171 sz\u00e9lker\u00e9k: a kulcsi sz\u00e9ler\u0151m\u0171.<\/p>\n<p><strong>B\u00e9k\u00e1s-t\u00f3:<\/strong> R\u00e1calm\u00e1s \u00e9s Kulcs k\u00f6z\u00f6tt ter\u00fcl el.<\/p>\n<p><strong>Faluh\u00e1z<\/strong><br \/>\nHeged\u0171s Andrea m\u0171vel\u0151d\u00e9sszervez\u0151<br \/>\nTelefon: 25\/251-129; 70\/639-0168<\/p>\n<p><strong>Kulcsi Gokart P\u00e1lya<\/strong><br \/>\n2458 Kulcs, Kulcs 6-os f\u0151\u00fat, 60-as km k\u0151n\u00e9l<br \/>\nTelefon: 30\/436-6444<br \/>\nFacebook: Kulcsi Gokart P\u00e1lya<br \/>\n<a href=\"https:\/\/www.facebook.com\/kulcsigokartpalya\/\">https:\/\/www.facebook.com\/kulcsigokartpalya\/<\/a><br \/>\n<a href=\"http:\/\/www.kulcsigokart.hu\">www.kulcsigokart.hu<\/a>[\/vc_column_text][\/vc_column][\/vc_row]<\/p>\n","protected":false},"excerpt":{"rendered":"<p>[vc_row][vc_column][vc_empty_space][\/vc_column][\/vc_row][vc_row][vc_column][vc_custom_heading text=&#8221;Sights&#8221; font_container=&#8221;tag:h3|text_align:left&#8221;][\/vc_column][\/vc_row][vc_row][vc_column][vc_column_text] Als\u00f3n\u00e9medi\u00a0\u2013\u00a0Apaj\u00a0\u2013\u00a0\u00c1porka\u00a0\u2013\u00a0Bugyi\u00a0\u2013\u00a0D\u00e9legyh\u00e1za\u00a0\u2013\u00a0D\u00f6ms\u00f6d\u00a0\u2013\u00a0Dunaharaszti\u00a0\u2013\u00a0Dunavars\u00e1ny\u00a0\u2013\u00a0Hal\u00e1sztelek Kiskunlach\u00e1za\u00a0\u2013\u00a0Kulcs\u00a0\u2013\u00a0L\u00f3r\u00e9v\u00a0\u2013\u00a0Majosh\u00e1za\u00a0\u2013\u00a0Mak\u00e1d\u00a0\u2013\u00a0R\u00e1calm\u00e1s\u00a0\u2013\u00a0R\u00e1ckeve\u00a0\u2013\u00a0Szigetbecse\u00a0\u2013\u00a0Szigetcs\u00e9p Szigethalom\u00a0\u2013\u00a0Szigetszentm\u00e1rton\u00a0\u2013\u00a0Szigetszentmikl\u00f3s\u00a0\u2013\u00a0Sziget\u00fajfalu\u00a0\u2013\u00a0Taksony\u00a0\u2013\u00a0T\u00f6k\u00f6l [\/vc_column_text][\/vc_column][\/vc_row][vc_row][vc_column][vc_empty_space height=&#8221;62px&#8221;][\/vc_column][\/vc_row][vc_row][vc_column width=&#8221;2\/3&#8243;][vc_column_text] Kulcs [\/vc_column_text][\/vc_column][vc_column width=&#8221;1\/3&#8243;][\/vc_column][\/vc_row][vc_row][vc_column][vc_column_text]Kulcsi pinc\u00e9k\/Hegyi otthon pince: (De\u00e1k Ferenc utca 56\/2 Hrsz:3133\/1) De\u00e1k Ferenc utc\u00e1n m\u00e9g egy hagyom\u00e1nyos karaktereket \u0151rz\u0151 pinc\u00e9vel tal\u00e1lkozhatunk. Az \u00e9p\u00fclet f\u0151gerince az utca vonal\u00e1val p\u00e1rhuzamosan fut, torn\u00e1ca k\u00f6zvetlen\u00fcl az utc\u00e1ra ny\u00edlik. A homlokzata feh\u00e9rre meszelt \u00e9s az ablakai felett sz\u0151l\u0151mint\u00e1s d\u00edsz\u00edt\u00e9s l\u00e1that\u00f3. De\u00e1k<\/p>\n<a href=\"https:\/\/tourinformrackeve.hu\/en\/?page_id=1547\" class=\"sohohotel-more-link\">Read More<i class=\"fa fa-angle-right\"><\/i><\/a>","protected":false},"author":1,"featured_media":0,"parent":0,"menu_order":0,"comment_status":"closed","ping_status":"closed","template":"","meta":[],"_links":{"self":[{"href":"https:\/\/tourinformrackeve.hu\/en\/index.php?rest_route=\/wp\/v2\/pages\/1547"}],"collection":[{"href":"https:\/\/tourinformrackeve.hu\/en\/index.php?rest_route=\/wp\/v2\/pages"}],"about":[{"href":"https:\/\/tourinformrackeve.hu\/en\/index.php?rest_route=\/wp\/v2\/types\/page"}],"author":[{"embeddable":true,"href":"https:\/\/tourinformrackeve.hu\/en\/index.php?rest_route=\/wp\/v2\/users\/1"}],"replies":[{"embeddable":true,"href":"https:\/\/tourinformrackeve.hu\/en\/index.php?rest_route=%2Fwp%2Fv2%2Fcomments&post=1547"}],"version-history":[{"count":3,"href":"https:\/\/tourinformrackeve.hu\/en\/index.php?rest_route=\/wp\/v2\/pages\/1547\/revisions"}],"predecessor-version":[{"id":1877,"href":"https:\/\/tourinformrackeve.hu\/en\/index.php?rest_route=\/wp\/v2\/pages\/1547\/revisions\/1877"}],"wp:attachment":[{"href":"https:\/\/tourinformrackeve.hu\/en\/index.php?rest_route=%2Fwp%2Fv2%2Fmedia&parent=1547"}],"curies":[{"name":"wp","href":"https:\/\/api.w.org\/{rel}","templated":true}]}}

<p>[vc_row][vc_column][vc_empty_space][/vc_column][/vc_row][vc_row][vc_column][vc_custom_heading text=&#8221;Sights&#8221; font_container=&#8221;tag:h3|text_align:left&#8221;][/vc_column][/vc_row][vc_row][vc_column][vc_column_text]</p>
<p style="text-align: center;"><a href="https://tourinformrackeve.hu/en/?page_id=1518">Alsónémedi</a> – <a href="https://tourinformrackeve.hu/en/?page_id=1520">Apaj </a>– <a href="https://tourinformrackeve.hu/en/?page_id=1526">Áporka </a>– <a href="https://tourinformrackeve.hu/en/?page_id=1529">Bugyi</a> – <a href="https://tourinformrackeve.hu/en/?page_id=1533">Délegyháza </a>– <a href="https://tourinformrackeve.hu/en/?page_id=1535">Dömsöd </a>– <a href="https://tourinformrackeve.hu/en/?page_id=1537">Dunaharaszti </a>– <a href="https://tourinformrackeve.hu/en/?page_id=1540">Dunavarsány </a>– <a href="https://tourinformrackeve.hu/en/?page_id=1542">Halásztelek</a><br />
<a href="https://tourinformrackeve.hu/en/?page_id=1544">Kiskunlacháza </a>– <a href="https://tourinformrackeve.hu/en/?page_id=1547">Kulcs </a>– <a href="https://tourinformrackeve.hu/en/?page_id=1549">Lórév</a> – <a href="https://tourinformrackeve.hu/en/?page_id=1552">Majosháza</a> – <a href="https://tourinformrackeve.hu/en/?page_id=1554">Makád</a> – <a href="https://tourinformrackeve.hu/en/?page_id=1556">Rácalmás</a> – <a href="https://tourinformrackeve.hu/en/?page_id=1558">Ráckeve</a> – <a href="https://tourinformrackeve.hu/en/?page_id=1560">Szigetbecse</a> – <a href="https://tourinformrackeve.hu/en/?page_id=1563">Szigetcsép</a><br />
<a href="https://tourinformrackeve.hu/en/?page_id=1565">Szigethalom</a> – <a href="https://tourinformrackeve.hu/en/?page_id=1567">Szigetszentmárton</a> – <a href="https://tourinformrackeve.hu/en/?page_id=1569">Szigetszentmiklós</a> – <a href="https://tourinformrackeve.hu/en/?page_id=1571">Szigetújfalu</a> – <a href="https://tourinformrackeve.hu/en/?page_id=1573">Taksony</a> – <a href="https://tourinformrackeve.hu/en/?page_id=1575">Tököl</a></p>
<p>[/vc_column_text][/vc_column][/vc_row][vc_row][vc_column][vc_empty_space height=&#8221;62px&#8221;][/vc_column][/vc_row][vc_row][vc_column width=&#8221;2/3&#8243;][vc_column_text]</p>
<h3><span style="color: #d0103a;">Kulcs</span></h3>
<p>[/vc_column_text][/vc_column][vc_column width=&#8221;1/3&#8243;][/vc_column][/vc_row][vc_row][vc_column][vc_column_text]<strong>Kulcsi pincék/Hegyi otthon pince:</strong> (Deák Ferenc utca 56/2 Hrsz:3133/1) Deák Ferenc utcán még egy hagyományos karaktereket őrző pincével találkozhatunk. Az épület főgerince az utca vonalával párhuzamosan fut, tornáca közvetlenül az utcára nyílik. A homlokzata fehérre meszelt és az ablakai felett szőlőmintás díszítés látható.</p>
<p><strong>Deák Ferenc utcai nádtetős épületek:</strong> A Duna-parti üdülőtelep és Ófalu településrészek határán sétálva kedves kis nádtetős épletekre bukkanhatunk a Deák Ferenc utcában. A fehérre meszelt házak árkádos tornáccal vannak ellátva, ablakaik hagyományosan fából készültek.</p>
<p><strong>Tornácos lakóházak:</strong> Az Ófaluban járva több olyan lakóépületet láthatunk, melyek még őrzik a hagyományos településkarakter nyomait. Ezek az oldalhatáron álló tornácos lakóházak egy traktusosak, nyeregtetővel rendelkeznek. Az épület gerince az utca vonalára merőleges tájolású. A főhomlokzaton többnyire egy négyzetes ablak, két padlásnyílás és egy koporsóajtó vagy egy félköríves ajtónyílás figyelhető meg.</p>
<p><strong>Kulcsi katolikus kápolna/Katolikus Jézus szíve kápolna:</strong> (Kossuth Lajos utca 73.) A község általános iskolájával szomszédságban található az 1935-ben Jézus Szentséges Szívének tiszteletére felszentelt katolikus kápolna. Az egyhajós, egytornyú kápolna előtt kétoszlopos portikusz várja a hívőket. A főhomlokzatból csupán díszítése miatt kiemelkedő torony áttört félköríves harangablakokkal, egyszerű nyeregtető fedéssel rendelkezik.</p>
<p>Itt épült az első magyar közüzemű szélkerék: a kulcsi szélerőmű.</p>
<p><strong>Békás-tó:</strong> Rácalmás és Kulcs között terül el.</p>
<p><strong>Faluház</strong><br />
Hegedűs Andrea művelődésszervező<br />
Telefon: 25/251-129; 70/639-0168</p>
<p><strong>Kulcsi Gokart Pálya</strong><br />
2458 Kulcs, Kulcs 6-os főút, 60-as km kőnél<br />
Telefon: 30/436-6444<br />
Facebook: Kulcsi Gokart Pálya<br />
<a href="https://www.facebook.com/kulcsigokartpalya/">https://www.facebook.com/kulcsigokartpalya/</a><br />
<a href="http://www.kulcsigokart.hu">www.kulcsigokart.hu</a>[/vc_column_text][/vc_column][/vc_row]</p>

<p>[vc_row][vc_column][vc_empty_space][/vc_column][/vc_row][vc_row][vc_column][vc_custom_heading text=&#8221;Sights&#8221; font_container=&#8221;tag:h3|text_align:left&#8221;][/vc_column][/vc_row][vc_row][vc_column][vc_column_text] Alsónémedi – Apaj – Áporka – Bugyi – Délegyháza – Dömsöd – Dunaharaszti – Dunavarsány – Halásztelek Kiskunlacháza – Kulcs – Lórév – Majosháza – Makád – Rácalmás – Ráckeve – Szigetbecse – Szigetcsép Szigethalom – Szigetszentmárton – Szigetszentmiklós – Szigetújfalu – Taksony – Tököl [/vc_column_text][/vc_column][/vc_row][vc_row][vc_column][vc_empty_space height=&#8221;62px&#8221;][/vc_column][/vc_row][vc_row][vc_column width=&#8221;2/3&#8243;][vc_column_text] Kulcs [/vc_column_text][/vc_column][vc_column width=&#8221;1/3&#8243;][/vc_column][/vc_row][vc_row][vc_column][vc_column_text]Kulcsi pincék/Hegyi otthon pince: (Deák Ferenc utca 56/2 Hrsz:3133/1) Deák Ferenc utcán még egy hagyományos karaktereket őrző pincével találkozhatunk. Az épület főgerince az utca vonalával párhuzamosan fut, tornáca közvetlenül az utcára nyílik. A homlokzata fehérre meszelt és az ablakai felett szőlőmintás díszítés látható. Deák</p>
<a href="https://tourinformrackeve.hu/en/?page_id=1547" class="sohohotel-more-link">Read More<i class="fa fa-angle-right"></i></a>
